Last updated on 2022-04-24 03:52:24 CEST.
Flavor | Version | Tinstall | Tcheck | Ttotal | Status | Flags |
---|---|---|---|---|---|---|
r-devel-linux-x86_64-debian-clang | 0.2.0 | 19.18 | 200.65 | 219.83 | OK | |
r-devel-linux-x86_64-debian-gcc | 0.2.0 | 13.82 | 148.22 | 162.04 | OK | |
r-devel-linux-x86_64-fedora-clang | 0.2.0 | 271.09 | NOTE | |||
r-devel-linux-x86_64-fedora-gcc | 0.2.0 | 237.87 | OK | |||
r-patched-linux-x86_64 | 0.2.0 | 20.12 | 186.27 | 206.39 | OK | |
r-release-linux-x86_64 | 0.2.0 | 10.41 | 177.38 | 187.79 | OK | |
r-release-macos-arm64 | 0.2.0 | OK | ||||
r-release-macos-x86_64 | 0.2.0 | OK | ||||
r-release-windows-x86_64 | 0.2.0 | 38.00 | 243.00 | 281.00 | OK | |
r-oldrel-macos-arm64 | 0.2.0 | OK | ||||
r-oldrel-macos-x86_64 | 0.2.0 | OK | ||||
r-oldrel-windows-ix86+x86_64 | 0.2.0 | 35.00 | 199.00 | 234.00 | OK |
Version: 0.2.0
Check: Rd cross-references
Result: NOTE
Undeclared package ‘textrecipes’ in Rd xrefs
Flavor: r-devel-linux-x86_64-fedora-clang