Last updated on 2022-04-24 03:52:24 CEST.
Flavor | Version | Tinstall | Tcheck | Ttotal | Status | Flags |
---|---|---|---|---|---|---|
r-devel-linux-x86_64-debian-clang | 8.4 | 21.97 | 145.76 | 167.73 | OK | |
r-devel-linux-x86_64-debian-gcc | 8.4 | 18.09 | 108.56 | 126.65 | OK | |
r-devel-linux-x86_64-fedora-clang | 8.4 | 206.38 | NOTE | |||
r-devel-linux-x86_64-fedora-gcc | 8.4 | 186.66 | NOTE | |||
r-patched-linux-x86_64 | 8.4 | 23.29 | 137.17 | 160.46 | OK | |
r-release-linux-x86_64 | 8.4 | 15.10 | 130.57 | 145.67 | OK | |
r-release-macos-arm64 | 8.4 | NOTE | ||||
r-release-macos-x86_64 | 8.4 | NOTE | ||||
r-release-windows-x86_64 | 8.4 | 147.00 | 178.00 | 325.00 | OK | |
r-oldrel-macos-arm64 | 8.4 | NOTE | ||||
r-oldrel-macos-x86_64 | 8.4 | NOTE | ||||
r-oldrel-windows-ix86+x86_64 | 8.4 | 41.00 | 149.00 | 190.00 | OK |
Version: 8.4
Check: data for non-ASCII characters
Result: NOTE
Note: found 155 marked UTF-8 strings
Flavors: r-devel-linux-x86_64-fedora-clang, r-devel-linux-x86_64-fedora-gcc, r-release-macos-arm64, r-release-macos-x86_64, r-oldrel-macos-arm64, r-oldrel-macos-x86_64