Last updated on 2022-04-24 03:52:24 CEST.
Flavor | Version | Tinstall | Tcheck | Ttotal | Status | Flags |
---|---|---|---|---|---|---|
r-devel-linux-x86_64-debian-clang | 0.9.5 | 6.72 | 294.81 | 301.53 | NOTE | |
r-devel-linux-x86_64-debian-gcc | 0.9.5 | 4.33 | 192.33 | 196.66 | NOTE | |
r-devel-linux-x86_64-fedora-clang | 0.9.5 | 340.05 | NOTE | |||
r-devel-linux-x86_64-fedora-gcc | 0.9.5 | 320.16 | NOTE | |||
r-patched-linux-x86_64 | 0.9.5 | 5.20 | 271.30 | 276.50 | NOTE | |
r-release-linux-x86_64 | 0.9.5 | 6.28 | 269.32 | 275.60 | NOTE | |
r-release-macos-arm64 | 0.9.5 | NOTE | ||||
r-release-macos-x86_64 | 0.9.5 | NOTE | ||||
r-release-windows-x86_64 | 0.9.5 | 17.00 | 258.00 | 275.00 | NOTE | |
r-oldrel-macos-arm64 | 0.9.5 | NOTE | ||||
r-oldrel-macos-x86_64 | 0.9.5 | NOTE | ||||
r-oldrel-windows-ix86+x86_64 | 0.9.5 | 10.00 | 296.00 | 306.00 | NOTE |
Version: 0.9.5
Check: LazyData
Result: NOTE
'LazyData' is specified without a 'data' directory
Flavors: r-devel-linux-x86_64-debian-clang, r-devel-linux-x86_64-debian-gcc, r-devel-linux-x86_64-fedora-clang, r-devel-linux-x86_64-fedora-gcc, r-patched-linux-x86_64, r-release-linux-x86_64, r-release-macos-arm64, r-release-macos-x86_64, r-release-windows-x86_64, r-oldrel-macos-arm64, r-oldrel-macos-x86_64, r-oldrel-windows-ix86+x86_64