Last updated on 2022-04-24 03:52:24 CEST.
Flavor | Version | Tinstall | Tcheck | Ttotal | Status | Flags |
---|---|---|---|---|---|---|
r-devel-linux-x86_64-debian-clang | 0.5.1 | 3.08 | 93.29 | 96.37 | NOTE | |
r-devel-linux-x86_64-debian-gcc | 0.5.1 | 3.60 | 69.27 | 72.87 | NOTE | |
r-devel-linux-x86_64-fedora-clang | 0.5.1 | 114.15 | NOTE | |||
r-devel-linux-x86_64-fedora-gcc | 0.5.1 | 102.47 | NOTE | |||
r-patched-linux-x86_64 | 0.5.1 | 4.92 | 88.59 | 93.51 | NOTE | |
r-release-linux-x86_64 | 0.5.1 | 4.62 | 86.35 | 90.97 | NOTE | |
r-release-macos-arm64 | 0.5.1 | NOTE | ||||
r-release-macos-x86_64 | 0.5.1 | NOTE | ||||
r-release-windows-x86_64 | 0.5.1 | 85.00 | 141.00 | 226.00 | NOTE | |
r-oldrel-macos-arm64 | 0.5.1 | NOTE | ||||
r-oldrel-macos-x86_64 | 0.5.1 | NOTE | ||||
r-oldrel-windows-ix86+x86_64 | 0.5.1 | 13.00 | 123.00 | 136.00 | NOTE |
Version: 0.5.1
Check: LazyData
Result: NOTE
'LazyData' is specified without a 'data' directory
Flavors: r-devel-linux-x86_64-debian-clang, r-devel-linux-x86_64-debian-gcc, r-devel-linux-x86_64-fedora-clang, r-devel-linux-x86_64-fedora-gcc, r-patched-linux-x86_64, r-release-linux-x86_64, r-release-macos-arm64, r-release-macos-x86_64, r-release-windows-x86_64, r-oldrel-macos-arm64, r-oldrel-macos-x86_64, r-oldrel-windows-ix86+x86_64