Last updated on 2022-04-24 03:52:24 CEST.
Flavor | Version | Tinstall | Tcheck | Ttotal | Status | Flags |
---|---|---|---|---|---|---|
r-devel-linux-x86_64-debian-clang | 0.5-0.1 | 6.43 | 35.16 | 41.59 | OK | |
r-devel-linux-x86_64-debian-gcc | 0.5-0.1 | 5.39 | 26.79 | 32.18 | OK | |
r-devel-linux-x86_64-fedora-clang | 0.5-0.1 | 51.33 | NOTE | |||
r-devel-linux-x86_64-fedora-gcc | 0.5-0.1 | 39.57 | NOTE | |||
r-patched-linux-x86_64 | 0.5-0.1 | 6.19 | 33.34 | 39.53 | OK | |
r-release-linux-x86_64 | 0.5-0.1 | 5.18 | 33.20 | 38.38 | OK | |
r-release-macos-arm64 | 0.5-0.1 | OK | ||||
r-release-macos-x86_64 | 0.5-0.1 | OK | ||||
r-release-windows-x86_64 | 0.5-0.1 | 36.00 | 54.00 | 90.00 | OK | |
r-oldrel-macos-arm64 | 0.5-0.1 | OK | ||||
r-oldrel-macos-x86_64 | 0.5-0.1 | OK | ||||
r-oldrel-windows-ix86+x86_64 | 0.5-0.1 | 21.00 | 48.00 | 69.00 | OK |
Version: 0.5-0.1
Check: compiled code
Result: NOTE
File ‘emoa/libs/emoa.so’:
Found no calls to: ‘R_registerRoutines’, ‘R_useDynamicSymbols’
It is good practice to register native routines and to disable symbol
search.
See ‘Writing portable packages’ in the ‘Writing R Extensions’ manual.
Flavors: r-devel-linux-x86_64-fedora-clang, r-devel-linux-x86_64-fedora-gcc