Last updated on 2022-04-24 03:52:24 CEST.
Flavor | Version | Tinstall | Tcheck | Ttotal | Status | Flags |
---|---|---|---|---|---|---|
r-devel-linux-x86_64-debian-clang | 0.2.0 | 2.21 | 39.06 | 41.27 | OK | |
r-devel-linux-x86_64-debian-gcc | 0.2.0 | 2.13 | 30.05 | 32.18 | OK | |
r-devel-linux-x86_64-fedora-clang | 0.2.0 | 51.43 | NOTE | |||
r-devel-linux-x86_64-fedora-gcc | 0.2.0 | 39.76 | NOTE | |||
r-patched-linux-x86_64 | 0.2.0 | 3.40 | 38.52 | 41.92 | OK | |
r-release-linux-x86_64 | 0.2.0 | 2.14 | 36.90 | 39.04 | OK | |
r-release-macos-arm64 | 0.2.0 | NOTE | ||||
r-release-macos-x86_64 | 0.2.0 | NOTE | ||||
r-release-windows-x86_64 | 0.2.0 | 19.00 | 58.00 | 77.00 | OK | |
r-oldrel-macos-arm64 | 0.2.0 | NOTE | ||||
r-oldrel-macos-x86_64 | 0.2.0 | NOTE | ||||
r-oldrel-windows-ix86+x86_64 | 0.2.0 | 6.00 | 44.00 | 50.00 | OK |
Version: 0.2.0
Check: data for non-ASCII characters
Result: NOTE
Note: found 9451 marked UTF-8 strings
Flavors: r-devel-linux-x86_64-fedora-clang, r-devel-linux-x86_64-fedora-gcc, r-release-macos-arm64, r-release-macos-x86_64, r-oldrel-macos-arm64, r-oldrel-macos-x86_64