Last updated on 2022-04-24 03:52:24 CEST.
Flavor | Version | Tinstall | Tcheck | Ttotal | Status | Flags |
---|---|---|---|---|---|---|
r-devel-linux-x86_64-debian-clang | 0.5.5 | 6.15 | 71.00 | 77.15 | OK | |
r-devel-linux-x86_64-debian-gcc | 0.5.5 | 5.23 | 53.71 | 58.94 | OK | |
r-devel-linux-x86_64-fedora-clang | 0.5.5 | 89.88 | NOTE | |||
r-devel-linux-x86_64-fedora-gcc | 0.5.5 | 76.87 | OK | |||
r-patched-linux-x86_64 | 0.5.5 | 6.39 | 67.04 | 73.43 | OK | |
r-release-linux-x86_64 | 0.5.5 | 5.10 | 63.08 | 68.18 | OK | |
r-release-macos-arm64 | 0.5.5 | NOTE | ||||
r-release-macos-x86_64 | 0.5.5 | NOTE | ||||
r-release-windows-x86_64 | 0.5.5 | 19.00 | 99.00 | 118.00 | NOTE | |
r-oldrel-macos-arm64 | 0.5.5 | NOTE | ||||
r-oldrel-macos-x86_64 | 0.5.5 | NOTE | ||||
r-oldrel-windows-ix86+x86_64 | 0.5.5 | 17.00 | 71.00 | 88.00 | NOTE |
Version: 0.5.5
Check: installed package size
Result: NOTE
installed size is 7.0Mb
sub-directories of 1Mb or more:
emoji_fonts 6.5Mb
Flavors: r-devel-linux-x86_64-fedora-clang, r-release-macos-arm64, r-release-macos-x86_64, r-release-windows-x86_64, r-oldrel-macos-arm64, r-oldrel-macos-x86_64, r-oldrel-windows-ix86+x86_64