Last updated on 2022-04-24 03:52:24 CEST.
Flavor | Version | Tinstall | Tcheck | Ttotal | Status | Flags |
---|---|---|---|---|---|---|
r-devel-linux-x86_64-debian-clang | 1.3.2 | 10.65 | 98.50 | 109.15 | OK | |
r-devel-linux-x86_64-debian-gcc | 1.3.2 | 7.28 | 73.37 | 80.65 | OK | |
r-devel-linux-x86_64-fedora-clang | 1.3.2 | 128.90 | NOTE | |||
r-devel-linux-x86_64-fedora-gcc | 1.3.2 | 114.90 | OK | |||
r-patched-linux-x86_64 | 1.3.2 | 10.01 | 95.10 | 105.11 | OK | |
r-release-linux-x86_64 | 1.3.2 | 8.08 | 89.64 | 97.72 | OK | |
r-release-macos-arm64 | 1.3.2 | OK | ||||
r-release-macos-x86_64 | 1.3.2 | OK | ||||
r-release-windows-x86_64 | 1.3.2 | 20.00 | 109.00 | 129.00 | OK | |
r-oldrel-macos-arm64 | 1.3.2 | OK | ||||
r-oldrel-macos-x86_64 | 1.3.2 | OK | ||||
r-oldrel-windows-ix86+x86_64 | 1.3.2 | 18.00 | 98.00 | 116.00 | OK |
Version: 1.3.2
Check: Rd cross-references
Result: NOTE
Undeclared packages ‘Kendall’, ‘geoR’ in Rd xrefs
Flavor: r-devel-linux-x86_64-fedora-clang