Last updated on 2022-04-24 03:52:24 CEST.
Flavor | Version | Tinstall | Tcheck | Ttotal | Status | Flags |
---|---|---|---|---|---|---|
r-devel-linux-x86_64-debian-clang | 1.0.0 | 29.14 | 39.78 | 68.92 | NOTE | |
r-devel-linux-x86_64-debian-gcc | 1.0.0 | 25.64 | 30.18 | 55.82 | NOTE | |
r-devel-linux-x86_64-fedora-clang | 1.0.0 | 95.99 | NOTE | |||
r-devel-linux-x86_64-fedora-gcc | 1.0.0 | 77.92 | NOTE | |||
r-patched-linux-x86_64 | 1.0.0 | 26.24 | 37.84 | 64.08 | NOTE | |
r-release-linux-x86_64 | 1.0.0 | 24.02 | 35.99 | 60.01 | NOTE | |
r-release-macos-arm64 | 1.0.0 | NOTE | ||||
r-release-macos-x86_64 | 1.0.0 | NOTE | ||||
r-release-windows-x86_64 | 1.0.0 | 35.00 | 78.00 | 113.00 | NOTE | |
r-oldrel-macos-arm64 | 1.0.0 | NOTE | ||||
r-oldrel-macos-x86_64 | 1.0.0 | NOTE | ||||
r-oldrel-windows-ix86+x86_64 | 1.0.0 | 76.00 | 68.00 | 144.00 | NOTE |
Version: 1.0.0
Check: LazyData
Result: NOTE
'LazyData' is specified without a 'data' directory
Flavors: r-devel-linux-x86_64-debian-clang, r-devel-linux-x86_64-debian-gcc, r-devel-linux-x86_64-fedora-clang, r-devel-linux-x86_64-fedora-gcc, r-patched-linux-x86_64, r-release-linux-x86_64, r-release-macos-arm64, r-release-macos-x86_64, r-release-windows-x86_64, r-oldrel-macos-arm64, r-oldrel-macos-x86_64, r-oldrel-windows-ix86+x86_64