Last updated on 2022-04-24 03:52:24 CEST.
Flavor | Version | Tinstall | Tcheck | Ttotal | Status | Flags |
---|---|---|---|---|---|---|
r-devel-linux-x86_64-debian-clang | 1.3.11 | 21.25 | 165.57 | 186.82 | OK | |
r-devel-linux-x86_64-debian-gcc | 1.3.11 | 14.51 | 123.12 | 137.63 | OK | |
r-devel-linux-x86_64-fedora-clang | 1.3.11 | 231.68 | NOTE | |||
r-devel-linux-x86_64-fedora-gcc | 1.3.11 | 212.61 | NOTE | |||
r-patched-linux-x86_64 | 1.3.11 | 13.03 | 155.40 | 168.43 | OK | |
r-release-linux-x86_64 | 1.3.11 | 12.13 | 146.09 | 158.22 | OK | |
r-release-macos-arm64 | 1.3.11 | NOTE | ||||
r-release-macos-x86_64 | 1.3.11 | NOTE | ||||
r-release-windows-x86_64 | 1.3.11 | 25.00 | 174.00 | 199.00 | OK | |
r-oldrel-macos-arm64 | 1.3.11 | NOTE | ||||
r-oldrel-macos-x86_64 | 1.3.11 | NOTE | ||||
r-oldrel-windows-ix86+x86_64 | 1.3.11 | 41.00 | 151.00 | 192.00 | OK |
Version: 1.3.11
Check: data for non-ASCII characters
Result: NOTE
Note: found 23639 marked Latin-1 strings
Flavors: r-devel-linux-x86_64-fedora-clang, r-devel-linux-x86_64-fedora-gcc, r-release-macos-arm64, r-release-macos-x86_64, r-oldrel-macos-arm64, r-oldrel-macos-x86_64