Last updated on 2022-04-24 03:52:24 CEST.
Flavor | Version | Tinstall | Tcheck | Ttotal | Status | Flags |
---|---|---|---|---|---|---|
r-devel-linux-x86_64-debian-clang | 3.1 | 13.14 | 54.90 | 68.04 | NOTE | |
r-devel-linux-x86_64-debian-gcc | 3.1 | 13.61 | 42.31 | 55.92 | NOTE | |
r-devel-linux-x86_64-fedora-clang | 3.1 | 84.15 | NOTE | |||
r-devel-linux-x86_64-fedora-gcc | 3.1 | 83.73 | NOTE | |||
r-patched-linux-x86_64 | 3.1 | 13.91 | 53.46 | 67.37 | OK | |
r-release-linux-x86_64 | 3.1 | 13.70 | 52.05 | 65.75 | OK | |
r-release-macos-arm64 | 3.1 | OK | ||||
r-release-macos-x86_64 | 3.1 | OK | ||||
r-release-windows-x86_64 | 3.1 | 28.00 | 72.00 | 100.00 | OK | |
r-oldrel-macos-arm64 | 3.1 | OK | ||||
r-oldrel-macos-x86_64 | 3.1 | OK | ||||
r-oldrel-windows-ix86+x86_64 | 3.1 | 36.00 | 62.00 | 98.00 | OK |
Version: 3.1
Check: Rd files
Result: NOTE
checkRd: (7) file 'p300cbp.1000bp.Rd': \item in \describe must have non-empty label
checkRd: (7) file 'p300cbp.200bp.Rd': \item in \describe must have non-empty label
Flavors: r-devel-linux-x86_64-debian-clang, r-devel-linux-x86_64-debian-gcc, r-devel-linux-x86_64-fedora-clang, r-devel-linux-x86_64-fedora-gcc