Last updated on 2022-04-24 03:52:24 CEST.
Flavor | Version | Tinstall | Tcheck | Ttotal | Status | Flags |
---|---|---|---|---|---|---|
r-devel-linux-x86_64-debian-clang | 0.3.6 | 2.10 | 31.39 | 33.49 | NOTE | |
r-devel-linux-x86_64-debian-gcc | 0.3.6 | 1.60 | 23.78 | 25.38 | NOTE | |
r-devel-linux-x86_64-fedora-clang | 0.3.6 | 40.94 | NOTE | |||
r-devel-linux-x86_64-fedora-gcc | 0.3.6 | 28.82 | NOTE | |||
r-patched-linux-x86_64 | 0.3.6 | 2.17 | 30.00 | 32.17 | NOTE | |
r-release-linux-x86_64 | 0.3.6 | 2.14 | 29.22 | 31.36 | NOTE | |
r-release-macos-arm64 | 0.3.6 | NOTE | ||||
r-release-macos-x86_64 | 0.3.6 | NOTE | ||||
r-release-windows-x86_64 | 0.3.6 | 10.00 | 45.00 | 55.00 | NOTE | |
r-oldrel-macos-arm64 | 0.3.6 | NOTE | ||||
r-oldrel-macos-x86_64 | 0.3.6 | NOTE | ||||
r-oldrel-windows-ix86+x86_64 | 0.3.6 | 6.00 | 34.00 | 40.00 | NOTE |
Version: 0.3.6
Check: LazyData
Result: NOTE
'LazyData' is specified without a 'data' directory
Flavors: r-devel-linux-x86_64-debian-clang, r-devel-linux-x86_64-debian-gcc, r-devel-linux-x86_64-fedora-clang, r-devel-linux-x86_64-fedora-gcc, r-patched-linux-x86_64, r-release-linux-x86_64, r-release-macos-arm64, r-release-macos-x86_64, r-release-windows-x86_64, r-oldrel-macos-arm64, r-oldrel-macos-x86_64, r-oldrel-windows-ix86+x86_64