Last updated on 2022-04-24 03:52:24 CEST.
Flavor | Version | Tinstall | Tcheck | Ttotal | Status | Flags |
---|---|---|---|---|---|---|
r-devel-linux-x86_64-debian-clang | 0.1.3 | 2.16 | 68.33 | 70.49 | OK | |
r-devel-linux-x86_64-debian-gcc | 0.1.3 | 1.95 | 51.00 | 52.95 | OK | |
r-devel-linux-x86_64-fedora-clang | 0.1.3 | 85.04 | NOTE | |||
r-devel-linux-x86_64-fedora-gcc | 0.1.3 | 75.03 | NOTE | |||
r-patched-linux-x86_64 | 0.1.3 | 2.89 | 68.07 | 70.96 | OK | |
r-release-linux-x86_64 | 0.1.3 | 2.30 | 62.46 | 64.76 | OK | |
r-release-macos-arm64 | 0.1.3 | NOTE | ||||
r-release-macos-x86_64 | 0.1.3 | NOTE | ||||
r-release-windows-x86_64 | 0.1.3 | 10.00 | 85.00 | 95.00 | OK | |
r-oldrel-macos-arm64 | 0.1.3 | NOTE | ||||
r-oldrel-macos-x86_64 | 0.1.3 | NOTE | ||||
r-oldrel-windows-ix86+x86_64 | 0.1.3 | 6.00 | 76.00 | 82.00 | OK |
Version: 0.1.3
Check: dependencies in R code
Result: NOTE
Namespaces in Imports field not imported from:
‘rgdal’ ‘rgeos’
All declared Imports should be used.
Flavors: r-devel-linux-x86_64-fedora-clang, r-devel-linux-x86_64-fedora-gcc, r-release-macos-arm64, r-release-macos-x86_64, r-oldrel-macos-arm64, r-oldrel-macos-x86_64