Last updated on 2022-04-24 03:52:24 CEST.
Flavor | Version | Tinstall | Tcheck | Ttotal | Status | Flags |
---|---|---|---|---|---|---|
r-devel-linux-x86_64-debian-clang | 1.1.1 | 5.25 | 67.06 | 72.31 | OK | |
r-devel-linux-x86_64-debian-gcc | 1.1.1 | 4.92 | 51.48 | 56.40 | OK | |
r-devel-linux-x86_64-fedora-clang | 1.1.1 | 90.23 | NOTE | |||
r-devel-linux-x86_64-fedora-gcc | 1.1.1 | 75.77 | NOTE | |||
r-patched-linux-x86_64 | 1.1.1 | 6.31 | 64.96 | 71.27 | OK | |
r-release-linux-x86_64 | 1.1.1 | 5.20 | 63.55 | 68.75 | OK | |
r-release-macos-arm64 | 1.1.1 | NOTE | ||||
r-release-macos-x86_64 | 1.1.1 | NOTE | ||||
r-release-windows-x86_64 | 1.1.1 | 28.00 | 96.00 | 124.00 | OK | |
r-oldrel-macos-arm64 | 1.1.1 | NOTE | ||||
r-oldrel-macos-x86_64 | 1.1.1 | NOTE | ||||
r-oldrel-windows-ix86+x86_64 | 1.1.1 | 12.00 | 74.00 | 86.00 | OK |
Version: 1.1.1
Check: dependencies in R code
Result: NOTE
Namespaces in Imports field not imported from:
‘Biostrings’ ‘DECIPHER’ ‘ggplot2’ ‘reshape2’ ‘usethis’
All declared Imports should be used.
Flavors: r-devel-linux-x86_64-fedora-clang, r-devel-linux-x86_64-fedora-gcc, r-release-macos-arm64, r-release-macos-x86_64, r-oldrel-macos-arm64, r-oldrel-macos-x86_64