Last updated on 2022-04-24 03:52:24 CEST.
Flavor | Version | Tinstall | Tcheck | Ttotal | Status | Flags |
---|---|---|---|---|---|---|
r-devel-linux-x86_64-debian-clang | 0.1.13 | 41.59 | 535.64 | 577.23 | OK | |
r-devel-linux-x86_64-debian-gcc | 0.1.13 | 33.95 | 390.03 | 423.98 | OK | |
r-devel-linux-x86_64-fedora-clang | 0.1.13 | 700.43 | OK | |||
r-devel-linux-x86_64-fedora-gcc | 0.1.13 | 728.28 | OK | |||
r-patched-linux-x86_64 | 0.1.13 | 43.30 | 500.50 | 543.80 | OK | |
r-release-linux-x86_64 | 0.1.13 | 36.70 | 470.87 | 507.57 | OK | |
r-release-macos-arm64 | 0.1.13 | ERROR | ||||
r-release-macos-x86_64 | 0.1.13 | OK | ||||
r-release-windows-x86_64 | 0.1.13 | 47.00 | 541.00 | 588.00 | OK | |
r-oldrel-macos-arm64 | 0.1.13 | ERROR | ||||
r-oldrel-macos-x86_64 | 0.1.13 | OK | ||||
r-oldrel-windows-ix86+x86_64 | 0.1.13 | 84.00 | 579.00 | 663.00 | OK |
Version: 0.1.13
Check: whether package can be installed
Result: ERROR
Installation failed.
Flavors: r-release-macos-arm64, r-oldrel-macos-arm64