Last updated on 2022-04-24 03:52:24 CEST.
Flavor | Version | Tinstall | Tcheck | Ttotal | Status | Flags |
---|---|---|---|---|---|---|
r-devel-linux-x86_64-debian-clang | 0.2.1 | 10.16 | 114.09 | 124.25 | NOTE | |
r-devel-linux-x86_64-debian-gcc | 0.2.1 | 7.21 | 82.31 | 89.52 | NOTE | |
r-devel-linux-x86_64-fedora-clang | 0.2.1 | 146.95 | NOTE | |||
r-devel-linux-x86_64-fedora-gcc | 0.2.1 | 125.94 | NOTE | |||
r-patched-linux-x86_64 | 0.2.1 | 5.88 | 103.94 | 109.82 | NOTE | |
r-release-linux-x86_64 | 0.2.1 | 5.78 | 99.55 | 105.33 | NOTE | |
r-release-macos-arm64 | 0.2.1 | NOTE | ||||
r-release-macos-x86_64 | 0.2.1 | NOTE | ||||
r-release-windows-x86_64 | 0.2.1 | 21.00 | 131.00 | 152.00 | NOTE | |
r-oldrel-macos-arm64 | 0.2.1 | NOTE | ||||
r-oldrel-macos-x86_64 | 0.2.1 | NOTE | ||||
r-oldrel-windows-ix86+x86_64 | 0.2.1 | 23.00 | 116.00 | 139.00 | NOTE |
Version: 0.2.1
Check: LazyData
Result: NOTE
'LazyData' is specified without a 'data' directory
Flavors: r-devel-linux-x86_64-debian-clang, r-devel-linux-x86_64-debian-gcc, r-devel-linux-x86_64-fedora-clang, r-devel-linux-x86_64-fedora-gcc, r-patched-linux-x86_64, r-release-linux-x86_64, r-release-macos-arm64, r-release-macos-x86_64, r-release-windows-x86_64, r-oldrel-macos-arm64, r-oldrel-macos-x86_64, r-oldrel-windows-ix86+x86_64