Last updated on 2022-04-24 03:52:24 CEST.
Flavor | Version | Tinstall | Tcheck | Ttotal | Status | Flags |
---|---|---|---|---|---|---|
r-devel-linux-x86_64-debian-clang | 0.5.1 | 16.12 | 44.04 | 60.16 | OK | |
r-devel-linux-x86_64-debian-gcc | 0.5.1 | 14.52 | 32.38 | 46.90 | OK | |
r-devel-linux-x86_64-fedora-clang | 0.5.1 | 74.14 | OK | |||
r-devel-linux-x86_64-fedora-gcc | 0.5.1 | 61.60 | OK | |||
r-patched-linux-x86_64 | 0.5.1 | 16.24 | 41.12 | 57.36 | OK | |
r-release-linux-x86_64 | 0.5.1 | 14.58 | 39.27 | 53.85 | OK | |
r-release-macos-arm64 | 0.5.1 | OK | ||||
r-release-macos-x86_64 | 0.5.1 | OK | ||||
r-release-windows-x86_64 | 0.5.1 | 159.00 | 65.00 | 224.00 | WARN | |
r-oldrel-macos-arm64 | 0.5.1 | OK | ||||
r-oldrel-macos-x86_64 | 0.5.1 | OK | ||||
r-oldrel-windows-ix86+x86_64 | 0.5.1 | 56.00 | 63.00 | 119.00 | OK |
Version: 0.5.1
Check: whether package can be installed
Result: WARN
Found the following significant warnings:
report.c:1466:31: warning: '%02d' directive writing between 2 and 11 bytes into a region of size between 1 and 8 [-Wformat-overflow=]
Flavor: r-release-windows-x86_64