Last updated on 2022-04-24 03:52:24 CEST.
Flavor | Version | Tinstall | Tcheck | Ttotal | Status | Flags |
---|---|---|---|---|---|---|
r-devel-linux-x86_64-debian-clang | 1.0.0 | 3.34 | 61.51 | 64.85 | OK | |
r-devel-linux-x86_64-debian-gcc | 1.0.0 | 2.66 | 47.04 | 49.70 | OK | |
r-devel-linux-x86_64-fedora-clang | 1.0.0 | 87.41 | NOTE | |||
r-devel-linux-x86_64-fedora-gcc | 1.0.0 | 68.11 | NOTE | |||
r-patched-linux-x86_64 | 1.0.0 | 2.42 | 62.55 | 64.97 | OK | |
r-release-linux-x86_64 | 1.0.0 | 2.14 | 54.96 | 57.10 | OK | |
r-release-macos-arm64 | 1.0.0 | NOTE | ||||
r-release-macos-x86_64 | 1.0.0 | NOTE | ||||
r-release-windows-x86_64 | 1.0.0 | 15.00 | 90.00 | 105.00 | OK | |
r-oldrel-macos-arm64 | 1.0.0 | NOTE | ||||
r-oldrel-macos-x86_64 | 1.0.0 | NOTE | ||||
r-oldrel-windows-ix86+x86_64 | 1.0.0 | 8.00 | 67.00 | 75.00 | OK |
Version: 1.0.0
Check: dependencies in R code
Result: NOTE
Namespaces in Imports field not imported from:
‘RSpectra’ ‘tidyverse’
All declared Imports should be used.
Flavors: r-devel-linux-x86_64-fedora-clang, r-devel-linux-x86_64-fedora-gcc, r-release-macos-arm64, r-release-macos-x86_64, r-oldrel-macos-arm64, r-oldrel-macos-x86_64