Last updated on 2022-04-24 03:52:24 CEST.
Flavor | Version | Tinstall | Tcheck | Ttotal | Status | Flags |
---|---|---|---|---|---|---|
r-devel-linux-x86_64-debian-clang | 3.5.0.1 | 18.32 | 136.75 | 155.07 | WARN | |
r-devel-linux-x86_64-debian-gcc | 3.5.0.1 | 16.03 | 102.16 | 118.19 | WARN | |
r-devel-linux-x86_64-fedora-clang | 3.5.0.1 | 188.24 | WARN | |||
r-devel-linux-x86_64-fedora-gcc | 3.5.0.1 | 186.05 | WARN | |||
r-patched-linux-x86_64 | 3.5.0.1 | 19.46 | 130.11 | 149.57 | OK | |
r-release-linux-x86_64 | 3.5.0.1 | 16.46 | 126.69 | 143.15 | OK | |
r-release-macos-arm64 | 3.5.0.1 | OK | ||||
r-release-macos-x86_64 | 3.5.0.1 | OK | ||||
r-release-windows-x86_64 | 3.5.0.1 | 64.00 | 156.00 | 220.00 | OK | |
r-oldrel-macos-arm64 | 3.5.0.1 | OK | ||||
r-oldrel-macos-x86_64 | 3.5.0.1 | OK | ||||
r-oldrel-windows-ix86+x86_64 | 3.5.0.1 | 32.00 | 146.00 | 178.00 | OK |
Version: 3.5.0.1
Check: Rd files
Result: WARN
checkRd: (7) aggregate.numeric.rd:38: invalid email address: <cvirasak@medicine.psu.ac.th>
checkRd: (7) aggregate.plot.rd:52: invalid email address: <cvirasak@medicine.psu.ac.th>
checkRd: (7) alpha.rd:54: invalid email address: <cvirasak@medicine.psu.ac.th>
checkRd: (7) cc.rd:74: invalid email address: <cvirasak@medicine.psu.ac.th>
checkRd: (7) ci.rd:40: invalid email address: <cvirasak@medicine.psu.ac.th>
checkRd: (7) codebook.rd:15: invalid email address: <cvirasak@medicine.psu.ac.th>
checkRd: (7) des.rd:14: invalid email address: <cvirasak@medicine.psu.ac.th>
checkRd: (7) dotplot.rd:36: invalid email address: <cvirasak@medicine.psu.ac.th>
checkRd: (7) followup.plot.rd:45: invalid email address: <cvirasak@medicine.psu.ac.th>
checkRd: (7) kap.rd:60: invalid email address: <cvirasak@medicine.psu.ac.th>
checkRd: (7) lookup.rd:19: invalid email address: <cvirasak@medicine.psu.ac.th>
checkRd: (7) lrtest.rd:14: invalid email address: <cvirasak@medicine.psu.ac.th>
checkRd: (7) lsNoFunction.rd:14: invalid email address: <cvirasak@medicine.psu.ac.th>
checkRd: (7) matchTab.rd:19: invalid email address: <cvirasak@medicine.psu.ac.th>
checkRd: (7) mhor.rd:19: invalid email address: <cvirasak@medicine.psu.ac.th>
checkRd: (7) poisgof.rd:15: invalid email address: <cvirasak@medicine.psu.ac.th>
checkRd: (7) power.for.2means.rd:13: invalid email address: <cvirasak@medicine.psu.ac.th>
checkRd: (7) power.rd:20: invalid email address: <cvirasak@medicine.psu.ac.th>
checkRd: (7) print.alpha.rd:13: invalid email address: <cvirasak@medicine.psu.ac.th>
checkRd: (7) print.cci.rd:13: invalid email address: <cvirasak@medicine.psu.ac.th>
checkRd: (7) print.des.rd:13: invalid email address: <cvirasak@medicine.psu.ac.th>
checkRd: (7) print.kap.ByCategory.rd:13: invalid email address: <cvirasak@medicine.psu.ac.th>
checkRd: (7) print.kap.table.rd:13: invalid email address: <cvirasak@medicine.psu.ac.th>
checkRd: (7) print.lrtest.rd:13: invalid email address: <cvirasak@medicine.psu.ac.th>
checkRd: (7) print.matchTab.rd:13: invalid email address: <cvirasak@medicine.psu.ac.th>
checkRd: (7) print.n.for.2means.rd:13: invalid email address: <cvirasak@medicine.psu.ac.th>
checkRd: (7) print.n.for.2p.rd:13: invalid email address: <cvirasak@medicine.psu.ac.th>
checkRd: (7) print.n.for.cluster.2means.rd:13: invalid email address: <cvirasak@medicine.psu.ac.th>
checkRd: (7) print.n.for.cluster.2p.rd:13: invalid email address: <cvirasak@medicine.psu.ac.th>
checkRd: (7) print.n.for.equi.2p.rd:13: invalid email address: <cvirasak@medicine.psu.ac.th>
checkRd: (7) print.n.for.lqas.rd:13: invalid email address: <cvirasak@medicine.psu.ac.th>
checkRd: (7) print.n.for.noninferior.2p.rd:13: invalid email address: <cvirasak@medicine.psu.ac.th>
checkRd: (7) print.n.for.survey.rd:13: invalid email address: <cvirasak@medicine.psu.ac.th>
checkRd: (7) print.power.for.2p.rd:13: invalid email address: <cvirasak@medicine.psu.ac.th>
checkRd: (7) print.statStack.rd:13: invalid email address: <cvirasak@medicine.psu.ac.th>
checkRd: (7) print.summ.data.frame.rd:13: invalid email address: <cvirasak@medicine.psu.ac.th>
checkRd: (7) print.summ.default.rd:13: invalid email address: <cvirasak@medicine.psu.ac.th>
checkRd: (7) print.tableStack.rd:13: invalid email address: <cvirasak@medicine.psu.ac.th>
checkRd: (7) pyramid.rd:37: invalid email address: <cvirasak@medicine.psu.ac.th>
checkRd: (7) risk.display.rd:117: invalid email address: <cvirasak@medicine.psu.ac.th>
checkRd: (7) roc.rd:36: invalid email address: <cvirasak@medicine.psu.ac.th>
checkRd: (7) sampsize.rd:118: invalid email address: <cvirasak@medicine.psu.ac.th>
checkRd: (7) setTitle.rd:19: invalid email address: <cvirasak@medicine.psu.ac.th>
checkRd: (7) shapiro.qqnorm.rd:16: invalid email address: <cvirasak@medicine.psu.ac.th>
checkRd: (7) statStack.rd:30: invalid email address: <cvirasak@medicine.psu.ac.th>
checkRd: (7) summ.rd:38: invalid email address: <cvirasak@medicine.psu.ac.th>
checkRd: (7) tab1.rd:44: invalid email address: <cvirasak@medicine.psu.ac.th>
checkRd: (7) tableStack.rd:86: invalid email address: <cvirasak@medicine.psu.ac.th>
checkRd: (7) tabpct.rd:44: invalid email address: <cvirasak@medicine.psu.ac.th>
checkRd: (7) titleString.rd:32: invalid email address: <cvirasak@medicine.psu.ac.th>
Flavors: r-devel-linux-x86_64-debian-clang, r-devel-linux-x86_64-debian-gcc, r-devel-linux-x86_64-fedora-clang, r-devel-linux-x86_64-fedora-gcc