Last updated on 2022-04-24 03:52:24 CEST.
Flavor | Version | Tinstall | Tcheck | Ttotal | Status | Flags |
---|---|---|---|---|---|---|
r-devel-linux-x86_64-debian-clang | 1.1.2 | 4.36 | 62.97 | 67.33 | OK | |
r-devel-linux-x86_64-debian-gcc | 1.1.2 | 3.42 | 47.92 | 51.34 | OK | |
r-devel-linux-x86_64-fedora-clang | 1.1.2 | 85.16 | NOTE | |||
r-devel-linux-x86_64-fedora-gcc | 1.1.2 | 71.45 | NOTE | |||
r-patched-linux-x86_64 | 1.1.2 | 4.65 | 59.54 | 64.19 | OK | |
r-release-linux-x86_64 | 1.1.2 | 3.72 | 64.27 | 67.99 | OK | |
r-release-macos-arm64 | 1.1.2 | NOTE | ||||
r-release-macos-x86_64 | 1.1.2 | NOTE | ||||
r-release-windows-x86_64 | 1.1.2 | 39.00 | 101.00 | 140.00 | OK | |
r-oldrel-macos-arm64 | 1.1.2 | NOTE | ||||
r-oldrel-macos-x86_64 | 1.1.2 | NOTE | ||||
r-oldrel-windows-ix86+x86_64 | 1.1.2 | 8.00 | 76.00 | 84.00 | OK |
Version: 1.1.2
Check: dependencies in R code
Result: NOTE
Namespace in Imports field not imported from: ‘colorspace’
All declared Imports should be used.
Flavors: r-devel-linux-x86_64-fedora-clang, r-devel-linux-x86_64-fedora-gcc, r-release-macos-arm64, r-release-macos-x86_64, r-oldrel-macos-arm64, r-oldrel-macos-x86_64