Last updated on 2022-04-24 03:52:24 CEST.
Flavor | Version | Tinstall | Tcheck | Ttotal | Status | Flags |
---|---|---|---|---|---|---|
r-devel-linux-x86_64-debian-clang | 0.4.0 | 6.11 | 74.58 | 80.69 | OK | |
r-devel-linux-x86_64-debian-gcc | 0.4.0 | 5.06 | 54.57 | 59.63 | OK | |
r-devel-linux-x86_64-fedora-clang | 0.4.0 | 96.78 | NOTE | |||
r-devel-linux-x86_64-fedora-gcc | 0.4.0 | 80.72 | NOTE | |||
r-patched-linux-x86_64 | 0.4.0 | 6.08 | 69.95 | 76.03 | OK | |
r-release-linux-x86_64 | 0.4.0 | 5.55 | 65.17 | 70.72 | OK | |
r-release-macos-arm64 | 0.4.0 | NOTE | ||||
r-release-macos-x86_64 | 0.4.0 | NOTE | ||||
r-release-windows-x86_64 | 0.4.0 | 22.00 | 107.00 | 129.00 | OK | |
r-oldrel-macos-arm64 | 0.4.0 | NOTE | ||||
r-oldrel-macos-x86_64 | 0.4.0 | NOTE | ||||
r-oldrel-windows-ix86+x86_64 | 0.4.0 | 16.00 | 94.00 | 110.00 | OK |
Version: 0.4.0
Check: dependencies in R code
Result: NOTE
Namespace in Imports field not imported from: ‘tinytest’
All declared Imports should be used.
Flavors: r-devel-linux-x86_64-fedora-clang, r-devel-linux-x86_64-fedora-gcc, r-release-macos-arm64, r-release-macos-x86_64, r-oldrel-macos-arm64, r-oldrel-macos-x86_64