Last updated on 2022-04-24 03:52:24 CEST.
Flavor | Version | Tinstall | Tcheck | Ttotal | Status | Flags |
---|---|---|---|---|---|---|
r-devel-linux-x86_64-debian-clang | 0.3.0 | 4.05 | 88.27 | 92.32 | OK | |
r-devel-linux-x86_64-debian-gcc | 0.3.0 | 2.59 | 65.28 | 67.87 | OK | |
r-devel-linux-x86_64-fedora-clang | 0.3.0 | 112.28 | NOTE | |||
r-devel-linux-x86_64-fedora-gcc | 0.3.0 | 94.20 | NOTE | |||
r-patched-linux-x86_64 | 0.3.0 | 2.76 | 82.59 | 85.35 | OK | |
r-release-linux-x86_64 | 0.3.0 | 2.94 | 80.31 | 83.25 | OK | |
r-release-macos-arm64 | 0.3.0 | NOTE | ||||
r-release-macos-x86_64 | 0.3.0 | NOTE | ||||
r-release-windows-x86_64 | 0.3.0 | 20.00 | 113.00 | 133.00 | OK | |
r-oldrel-macos-arm64 | 0.3.0 | NOTE | ||||
r-oldrel-macos-x86_64 | 0.3.0 | NOTE | ||||
r-oldrel-windows-ix86+x86_64 | 0.3.0 | 7.00 | 91.00 | 98.00 | OK |
Version: 0.3.0
Check: dependencies in R code
Result: NOTE
Namespace in Imports field not imported from: ‘knitr’
All declared Imports should be used.
Flavors: r-devel-linux-x86_64-fedora-clang, r-devel-linux-x86_64-fedora-gcc, r-release-macos-arm64, r-release-macos-x86_64, r-oldrel-macos-arm64, r-oldrel-macos-x86_64