Last updated on 2022-04-24 03:52:24 CEST.
Flavor | Version | Tinstall | Tcheck | Ttotal | Status | Flags |
---|---|---|---|---|---|---|
r-devel-linux-x86_64-debian-clang | 0.2.0 | 4.70 | 97.96 | 102.66 | OK | |
r-devel-linux-x86_64-debian-gcc | 0.2.0 | 3.87 | 71.36 | 75.23 | OK | |
r-devel-linux-x86_64-fedora-clang | 0.2.0 | 121.06 | NOTE | |||
r-devel-linux-x86_64-fedora-gcc | 0.2.0 | 107.71 | NOTE | |||
r-patched-linux-x86_64 | 0.2.0 | 9.31 | 91.92 | 101.23 | OK | |
r-release-linux-x86_64 | 0.2.0 | 3.84 | 91.01 | 94.85 | OK | |
r-release-macos-arm64 | 0.2.0 | NOTE | ||||
r-release-macos-x86_64 | 0.2.0 | WARN | ||||
r-release-windows-x86_64 | 0.2.0 | 36.00 | 135.00 | 171.00 | OK | |
r-oldrel-macos-arm64 | 0.2.0 | NOTE | ||||
r-oldrel-macos-x86_64 | 0.2.0 | WARN | ||||
r-oldrel-windows-ix86+x86_64 | 0.2.0 | 12.00 | 112.00 | 124.00 | OK |
Version: 0.2.0
Check: dependencies in R code
Result: NOTE
Namespace in Imports field not imported from: ‘htmlwidgets’
All declared Imports should be used.
Flavors: r-devel-linux-x86_64-fedora-clang, r-devel-linux-x86_64-fedora-gcc, r-release-macos-arm64, r-release-macos-x86_64, r-oldrel-macos-arm64, r-oldrel-macos-x86_64
Version: 0.2.0
Check: re-building of vignette outputs
Result: WARN
Error(s) in re-building vignettes:
...
--- re-building ‘epiflows-class.Rmd’ using rmarkdown
Warning in engine$weave(file, quiet = quiet, encoding = enc) :
Pandoc (>= 1.12.3) not available. Falling back to R Markdown v1.
--- finished re-building ‘epiflows-class.Rmd’
--- re-building ‘introduction.Rmd’ using rmarkdown
Warning in engine$weave(file, quiet = quiet, encoding = enc) :
Pandoc (>= 1.12.3) not available. Falling back to R Markdown v1.
Quitting from lines 117-120 (introduction.Rmd)
Error: processing vignette 'introduction.Rmd' failed with diagnostics:
invalid 'path' argument
--- failed re-building ‘introduction.Rmd’
SUMMARY: processing the following file failed:
‘introduction.Rmd’
Error: Vignette re-building failed.
Execution halted
Flavors: r-release-macos-x86_64, r-oldrel-macos-x86_64