Last updated on 2022-04-24 03:52:24 CEST.
Flavor | Version | Tinstall | Tcheck | Ttotal | Status | Flags |
---|---|---|---|---|---|---|
r-devel-linux-x86_64-debian-clang | 0.0.1 | 2.09 | 37.93 | 40.02 | NOTE | |
r-devel-linux-x86_64-debian-gcc | 0.0.1 | 2.01 | 29.18 | 31.19 | NOTE | |
r-devel-linux-x86_64-fedora-clang | 0.0.1 | 49.37 | NOTE | |||
r-devel-linux-x86_64-fedora-gcc | 0.0.1 | 37.23 | NOTE | |||
r-patched-linux-x86_64 | 0.0.1 | 2.16 | 35.58 | 37.74 | NOTE | |
r-release-linux-x86_64 | 0.0.1 | 1.93 | 33.38 | 35.31 | NOTE | |
r-release-macos-arm64 | 0.0.1 | NOTE | ||||
r-release-macos-x86_64 | 0.0.1 | NOTE | ||||
r-release-windows-x86_64 | 0.0.1 | 15.00 | 57.00 | 72.00 | NOTE | |
r-oldrel-macos-arm64 | 0.0.1 | NOTE | ||||
r-oldrel-macos-x86_64 | 0.0.1 | NOTE | ||||
r-oldrel-windows-ix86+x86_64 | 0.0.1 | 5.00 | 39.00 | 44.00 | NOTE |
Version: 0.0.1
Check: LazyData
Result: NOTE
'LazyData' is specified without a 'data' directory
Flavors: r-devel-linux-x86_64-debian-clang, r-devel-linux-x86_64-debian-gcc, r-devel-linux-x86_64-fedora-clang, r-devel-linux-x86_64-fedora-gcc, r-patched-linux-x86_64, r-release-linux-x86_64, r-release-macos-arm64, r-release-macos-x86_64, r-release-windows-x86_64, r-oldrel-macos-arm64, r-oldrel-macos-x86_64, r-oldrel-windows-ix86+x86_64
Version: 0.0.1
Check: for non-standard things in the check directory
Result: NOTE
Found the following files/directories:
'episcan_1geno_cc.txt' 'episcan_1geno_quant.txt'
'episcan_2geno_cc.txt' 'episcan_2geno_quant.txt'
Flavors: r-devel-linux-x86_64-debian-clang, r-devel-linux-x86_64-debian-gcc, r-devel-linux-x86_64-fedora-clang, r-devel-linux-x86_64-fedora-gcc, r-patched-linux-x86_64, r-release-linux-x86_64