Last updated on 2022-04-24 03:52:24 CEST.
Flavor | Version | Tinstall | Tcheck | Ttotal | Status | Flags |
---|---|---|---|---|---|---|
r-devel-linux-x86_64-debian-clang | 2.0.3 | 20.90 | 155.46 | 176.36 | NOTE | |
r-devel-linux-x86_64-debian-gcc | 2.0.3 | 15.02 | 112.54 | 127.56 | NOTE | |
r-devel-linux-x86_64-fedora-clang | 2.0.3 | 210.05 | NOTE | |||
r-devel-linux-x86_64-fedora-gcc | 2.0.3 | 190.03 | NOTE | |||
r-patched-linux-x86_64 | 2.0.3 | 12.85 | 143.21 | 156.06 | NOTE | |
r-release-linux-x86_64 | 2.0.3 | 12.52 | 137.30 | 149.82 | NOTE | |
r-release-macos-arm64 | 2.0.3 | NOTE | ||||
r-release-macos-x86_64 | 2.0.3 | NOTE | ||||
r-release-windows-x86_64 | 2.0.3 | 66.00 | 182.00 | 248.00 | NOTE | |
r-oldrel-macos-arm64 | 2.0.3 | NOTE | ||||
r-oldrel-macos-x86_64 | 2.0.3 | NOTE | ||||
r-oldrel-windows-ix86+x86_64 | 2.0.3 | 40.00 | 168.00 | 208.00 | NOTE |
Version: 2.0.3
Check: package dependencies
Result: NOTE
Package suggested but not available for checking: 'taskscheduleR'
Flavors: r-devel-linux-x86_64-debian-clang, r-devel-linux-x86_64-debian-gcc, r-devel-linux-x86_64-fedora-gcc, r-patched-linux-x86_64, r-release-linux-x86_64, r-release-macos-arm64, r-release-macos-x86_64, r-oldrel-macos-arm64, r-oldrel-macos-x86_64
Version: 2.0.3
Check: package dependencies
Result: NOTE
Package suggested but not available for checking: ‘taskscheduleR’
Imports includes 33 non-default packages.
Importing from so many packages makes the package vulnerable to any of
them becoming unavailable. Move as many as possible to Suggests and
use conditionally.
Flavor: r-devel-linux-x86_64-fedora-clang
Version: 2.0.3
Check: installed package size
Result: NOTE
installed size is 5.2Mb
sub-directories of 1Mb or more:
doc 3.1Mb
java 1.3Mb
Flavors: r-devel-linux-x86_64-fedora-clang, r-release-macos-arm64, r-release-macos-x86_64, r-release-windows-x86_64, r-oldrel-macos-arm64, r-oldrel-macos-x86_64, r-oldrel-windows-ix86+x86_64
Version: 2.0.3
Check: dependencies in R code
Result: NOTE
Namespaces in Imports field not imported from:
‘httpuv’ ‘knitr’ ‘plyr’ ‘tidyverse’ ‘tokenizers’ ‘xml2’
All declared Imports should be used.
Flavors: r-devel-linux-x86_64-fedora-clang, r-devel-linux-x86_64-fedora-gcc, r-release-macos-arm64, r-release-macos-x86_64, r-oldrel-macos-arm64, r-oldrel-macos-x86_64