Last updated on 2022-04-24 03:52:24 CEST.
Flavor | Version | Tinstall | Tcheck | Ttotal | Status | Flags |
---|---|---|---|---|---|---|
r-devel-linux-x86_64-debian-clang | 0.9.7 | 5.32 | 84.65 | 89.97 | OK | |
r-devel-linux-x86_64-debian-gcc | 0.9.7 | 4.03 | 63.74 | 67.77 | OK | |
r-devel-linux-x86_64-fedora-clang | 0.9.7 | 110.06 | NOTE | |||
r-devel-linux-x86_64-fedora-gcc | 0.9.7 | 92.38 | NOTE | |||
r-patched-linux-x86_64 | 0.9.7 | 5.76 | 78.76 | 84.52 | OK | |
r-release-linux-x86_64 | 0.9.7 | 4.42 | 77.16 | 81.58 | OK | |
r-release-macos-arm64 | 0.9.7 | NOTE | ||||
r-release-macos-x86_64 | 0.9.7 | NOTE | ||||
r-release-windows-x86_64 | 0.9.7 | 32.00 | 108.00 | 140.00 | OK | |
r-oldrel-macos-arm64 | 0.9.7 | NOTE | ||||
r-oldrel-macos-x86_64 | 0.9.7 | NOTE | ||||
r-oldrel-windows-ix86+x86_64 | 0.9.7 | 9.00 | 89.00 | 98.00 | OK |
Version: 0.9.7
Check: dependencies in R code
Result: NOTE
Namespaces in Imports field not imported from:
‘tidyselect’ ‘vctrs’
All declared Imports should be used.
Flavors: r-devel-linux-x86_64-fedora-clang, r-devel-linux-x86_64-fedora-gcc, r-release-macos-arm64, r-release-macos-x86_64, r-oldrel-macos-arm64, r-oldrel-macos-x86_64