Last updated on 2022-04-24 03:52:24 CEST.
Flavor | Version | Tinstall | Tcheck | Ttotal | Status | Flags |
---|---|---|---|---|---|---|
r-devel-linux-x86_64-debian-clang | 3.0 | 3.97 | 42.79 | 46.76 | NOTE | |
r-devel-linux-x86_64-debian-gcc | 3.0 | 2.66 | 32.96 | 35.62 | NOTE | |
r-devel-linux-x86_64-fedora-clang | 3.0 | 56.34 | NOTE | |||
r-devel-linux-x86_64-fedora-gcc | 3.0 | 44.13 | NOTE | |||
r-patched-linux-x86_64 | 3.0 | 6.39 | 41.48 | 47.87 | NOTE | |
r-release-linux-x86_64 | 3.0 | 3.11 | 40.26 | 43.37 | NOTE | |
r-release-macos-arm64 | 3.0 | NOTE | ||||
r-release-macos-x86_64 | 3.0 | NOTE | ||||
r-release-windows-x86_64 | 3.0 | 21.00 | 60.00 | 81.00 | NOTE | |
r-oldrel-macos-arm64 | 3.0 | NOTE | ||||
r-oldrel-macos-x86_64 | 3.0 | NOTE | ||||
r-oldrel-windows-ix86+x86_64 | 3.0 | 8.00 | 48.00 | 56.00 | NOTE |
Version: 3.0
Check: R code for possible problems
Result: NOTE
eqs2lavaan: no visible global function definition for 'ignore.case'
eqs2lavaan: no visible global function definition for 'str_join'
eqs2lavaan: no visible binding for global variable 'r'
eqsCorr: no visible global function definition for 'cov2cor'
plotCov: no visible global function definition for 'cov2cor'
plotCov: no visible global function definition for 'par'
plotCov: no visible global function definition for 'image'
plotCov: no visible global function definition for 'axis'
Undefined global functions or variables:
axis cov2cor ignore.case image par r str_join
Consider adding
importFrom("graphics", "axis", "image", "par")
importFrom("stats", "cov2cor")
to your NAMESPACE file.
Flavors: r-devel-linux-x86_64-debian-clang, r-devel-linux-x86_64-debian-gcc, r-devel-linux-x86_64-fedora-clang, r-devel-linux-x86_64-fedora-gcc, r-patched-linux-x86_64, r-release-linux-x86_64, r-release-macos-arm64, r-release-macos-x86_64, r-release-windows-x86_64, r-oldrel-macos-arm64, r-oldrel-macos-x86_64, r-oldrel-windows-ix86+x86_64