Last updated on 2022-04-24 03:52:24 CEST.
Flavor | Version | Tinstall | Tcheck | Ttotal | Status | Flags |
---|---|---|---|---|---|---|
r-devel-linux-x86_64-debian-clang | 0.6.1 | 4.82 | 60.96 | 65.78 | OK | |
r-devel-linux-x86_64-debian-gcc | 0.6.1 | 3.73 | 45.60 | 49.33 | OK | |
r-devel-linux-x86_64-fedora-clang | 0.6.1 | 78.80 | NOTE | |||
r-devel-linux-x86_64-fedora-gcc | 0.6.1 | 65.04 | OK | |||
r-patched-linux-x86_64 | 0.6.1 | 3.43 | 57.68 | 61.11 | OK | |
r-release-linux-x86_64 | 0.6.1 | 3.56 | 56.40 | 59.96 | OK | |
r-release-macos-arm64 | 0.6.1 | OK | ||||
r-release-macos-x86_64 | 0.6.1 | OK | ||||
r-release-windows-x86_64 | 0.6.1 | 25.00 | 94.00 | 119.00 | OK | |
r-oldrel-macos-arm64 | 0.6.1 | OK | ||||
r-oldrel-macos-x86_64 | 0.6.1 | OK | ||||
r-oldrel-windows-ix86+x86_64 | 0.6.1 | 9.00 | 67.00 | 76.00 | OK |
Version: 0.6.1
Check: Rd cross-references
Result: NOTE
Undeclared package ‘OpenMx’ in Rd xrefs
Flavor: r-devel-linux-x86_64-fedora-clang