Last updated on 2022-04-24 03:52:24 CEST.
Flavor | Version | Tinstall | Tcheck | Ttotal | Status | Flags |
---|---|---|---|---|---|---|
r-devel-linux-x86_64-debian-clang | 2.0.7 | 5.04 | 109.36 | 114.40 | NOTE | |
r-devel-linux-x86_64-debian-gcc | 2.0.7 | 4.95 | 76.61 | 81.56 | NOTE | |
r-devel-linux-x86_64-fedora-clang | 2.0.7 | 137.00 | NOTE | |||
r-devel-linux-x86_64-fedora-gcc | 2.0.7 | 130.26 | NOTE | |||
r-patched-linux-x86_64 | 2.0.7 | 7.37 | 101.20 | 108.57 | NOTE | |
r-release-linux-x86_64 | 2.0.7 | 5.05 | 101.74 | 106.79 | NOTE | |
r-release-macos-arm64 | 2.0.7 | NOTE | ||||
r-release-macos-x86_64 | 2.0.7 | NOTE | ||||
r-release-windows-x86_64 | 2.0.7 | 28.00 | 141.00 | 169.00 | NOTE | |
r-oldrel-macos-arm64 | 2.0.7 | NOTE | ||||
r-oldrel-macos-x86_64 | 2.0.7 | NOTE | ||||
r-oldrel-windows-ix86+x86_64 | 2.0.7 | 11.00 | 92.00 | 103.00 | NOTE |
Version: 2.0.7
Check: Rd files
Result: NOTE
checkRd: (7) file 'presmoothing.Rd': \item in \value must have non-empty label
Flavors: r-devel-linux-x86_64-debian-clang, r-devel-linux-x86_64-debian-gcc, r-devel-linux-x86_64-fedora-clang, r-devel-linux-x86_64-fedora-gcc
Version: 2.0.7
Check: files in ‘vignettes’
Result: NOTE
The following files contain a license that requires
distribution of original sources:
'upgreek.sty'
Please ensure that you have complied with it.
Flavors: r-devel-linux-x86_64-debian-clang, r-devel-linux-x86_64-debian-gcc, r-devel-linux-x86_64-fedora-clang, r-devel-linux-x86_64-fedora-gcc, r-patched-linux-x86_64, r-release-linux-x86_64, r-release-macos-arm64, r-release-macos-x86_64, r-release-windows-x86_64, r-oldrel-macos-arm64, r-oldrel-macos-x86_64, r-oldrel-windows-ix86+x86_64