Last updated on 2022-04-24 03:52:24 CEST.
Flavor | Version | Tinstall | Tcheck | Ttotal | Status | Flags |
---|---|---|---|---|---|---|
r-devel-linux-x86_64-debian-clang | 0.1.0 | 43.89 | 153.13 | 197.02 | WARN | |
r-devel-linux-x86_64-debian-gcc | 0.1.0 | 37.42 | 117.64 | 155.06 | OK | |
r-devel-linux-x86_64-fedora-clang | 0.1.0 | 292.06 | WARN | |||
r-devel-linux-x86_64-fedora-gcc | 0.1.0 | 233.67 | OK | |||
r-patched-linux-x86_64 | 0.1.0 | 43.63 | 144.72 | 188.35 | OK | |
r-release-linux-x86_64 | 0.1.0 | 38.33 | 139.11 | 177.44 | OK | |
r-release-macos-arm64 | 0.1.0 | OK | ||||
r-release-macos-x86_64 | 0.1.0 | OK | ||||
r-release-windows-x86_64 | 0.1.0 | 58.00 | 196.00 | 254.00 | OK | |
r-oldrel-macos-arm64 | 0.1.0 | OK | ||||
r-oldrel-macos-x86_64 | 0.1.0 | OK | ||||
r-oldrel-windows-ix86+x86_64 | 0.1.0 | 103.00 | 215.00 | 318.00 | OK |
Version: 0.1.0
Check: whether package can be installed
Result: WARN
Found the following significant warnings:
EqMult.cpp:542:12: warning: use of bitwise '&' with boolean operands [-Wbitwise-instead-of-logical]
Flavors: r-devel-linux-x86_64-debian-clang, r-devel-linux-x86_64-fedora-clang