Last updated on 2022-04-24 03:52:24 CEST.
Flavor | Version | Tinstall | Tcheck | Ttotal | Status | Flags |
---|---|---|---|---|---|---|
r-devel-linux-x86_64-debian-clang | 0.7.2 | 8.28 | 79.59 | 87.87 | OK | |
r-devel-linux-x86_64-debian-gcc | 0.7.2 | 6.53 | 58.71 | 65.24 | OK | |
r-devel-linux-x86_64-fedora-clang | 0.7.2 | 102.49 | NOTE | |||
r-devel-linux-x86_64-fedora-gcc | 0.7.2 | 90.54 | NOTE | |||
r-patched-linux-x86_64 | 0.7.2 | 12.77 | 75.10 | 87.87 | OK | |
r-release-linux-x86_64 | 0.7.2 | 6.38 | 70.32 | 76.70 | OK | |
r-release-macos-arm64 | 0.7.2 | OK | ||||
r-release-macos-x86_64 | 0.7.2 | OK | ||||
r-release-windows-x86_64 | 0.7.2 | 31.00 | 93.00 | 124.00 | OK | |
r-oldrel-macos-arm64 | 0.7.2 | OK | ||||
r-oldrel-macos-x86_64 | 0.7.2 | OK | ||||
r-oldrel-windows-ix86+x86_64 | 0.7.2 | 23.00 | 102.00 | 125.00 | OK |
Version: 0.7.2
Check: compiled code
Result: NOTE
File ‘equivalence/libs/equivalence.so’:
Found no calls to: ‘R_registerRoutines’, ‘R_useDynamicSymbols’
It is good practice to register native routines and to disable symbol
search.
See ‘Writing portable packages’ in the ‘Writing R Extensions’ manual.
Flavors: r-devel-linux-x86_64-fedora-clang, r-devel-linux-x86_64-fedora-gcc