Last updated on 2022-04-24 03:52:24 CEST.
Flavor | Version | Tinstall | Tcheck | Ttotal | Status | Flags |
---|---|---|---|---|---|---|
r-devel-linux-x86_64-debian-clang | 0.0.1.1 | 2.08 | 36.21 | 38.29 | NOTE | |
r-devel-linux-x86_64-debian-gcc | 0.0.1.1 | 2.13 | 27.42 | 29.55 | NOTE | |
r-devel-linux-x86_64-fedora-clang | 0.0.1.1 | 47.93 | NOTE | |||
r-devel-linux-x86_64-fedora-gcc | 0.0.1.1 | 34.54 | NOTE | |||
r-patched-linux-x86_64 | 0.0.1.1 | 2.93 | 33.59 | 36.52 | NOTE | |
r-release-linux-x86_64 | 0.0.1.1 | 2.37 | 33.21 | 35.58 | NOTE | |
r-release-macos-arm64 | 0.0.1.1 | NOTE | ||||
r-release-macos-x86_64 | 0.0.1.1 | NOTE | ||||
r-release-windows-x86_64 | 0.0.1.1 | 33.00 | 50.00 | 83.00 | NOTE | |
r-oldrel-macos-arm64 | 0.0.1.1 | NOTE | ||||
r-oldrel-macos-x86_64 | 0.0.1.1 | NOTE | ||||
r-oldrel-windows-ix86+x86_64 | 0.0.1.1 | 5.00 | 38.00 | 43.00 | NOTE |
Version: 0.0.1.1
Check: LazyData
Result: NOTE
'LazyData' is specified without a 'data' directory
Flavors: r-devel-linux-x86_64-debian-clang, r-devel-linux-x86_64-debian-gcc, r-devel-linux-x86_64-fedora-clang, r-devel-linux-x86_64-fedora-gcc, r-patched-linux-x86_64, r-release-linux-x86_64, r-release-macos-arm64, r-release-macos-x86_64, r-release-windows-x86_64, r-oldrel-macos-arm64, r-oldrel-macos-x86_64, r-oldrel-windows-ix86+x86_64
Version: 0.0.1.1
Check: dependencies in R code
Result: NOTE
Namespaces in Imports field not imported from:
‘cubature’ ‘rootSolve’
All declared Imports should be used.
Flavors: r-devel-linux-x86_64-fedora-clang, r-devel-linux-x86_64-fedora-gcc, r-release-macos-arm64, r-release-macos-x86_64, r-oldrel-macos-arm64, r-oldrel-macos-x86_64