Last updated on 2022-04-24 03:52:24 CEST.
Flavor | Version | Tinstall | Tcheck | Ttotal | Status | Flags |
---|---|---|---|---|---|---|
r-devel-linux-x86_64-debian-clang | 1.3 | 14.74 | 38.01 | 52.75 | OK | |
r-devel-linux-x86_64-debian-gcc | 1.3 | 11.08 | 28.86 | 39.94 | OK | |
r-devel-linux-x86_64-fedora-clang | 1.3 | 76.93 | NOTE | |||
r-devel-linux-x86_64-fedora-gcc | 1.3 | 51.21 | NOTE | |||
r-patched-linux-x86_64 | 1.3 | 11.50 | 35.80 | 47.30 | OK | |
r-release-linux-x86_64 | 1.3 | 11.83 | 35.03 | 46.86 | OK | |
r-release-macos-arm64 | 1.3 | OK | ||||
r-release-macos-x86_64 | 1.3 | OK | ||||
r-release-windows-x86_64 | 1.3 | 31.00 | 63.00 | 94.00 | OK | |
r-oldrel-macos-arm64 | 1.3 | OK | ||||
r-oldrel-macos-x86_64 | 1.3 | OK | ||||
r-oldrel-windows-ix86+x86_64 | 1.3 | 35.00 | 54.00 | 89.00 | OK |
Version: 1.3
Check: compiled code
Result: NOTE
File ‘erboost/libs/erboost.so’:
Found no calls to: ‘R_registerRoutines’, ‘R_useDynamicSymbols’
It is good practice to register native routines and to disable symbol
search.
See ‘Writing portable packages’ in the ‘Writing R Extensions’ manual.
Flavors: r-devel-linux-x86_64-fedora-clang, r-devel-linux-x86_64-fedora-gcc