Last updated on 2022-04-24 03:52:24 CEST.
Flavor | Version | Tinstall | Tcheck | Ttotal | Status | Flags |
---|---|---|---|---|---|---|
r-devel-linux-x86_64-debian-clang | 0.1.3 | 4.56 | 50.09 | 54.65 | OK | |
r-devel-linux-x86_64-debian-gcc | 0.1.3 | 3.34 | 37.76 | 41.10 | OK | |
r-devel-linux-x86_64-fedora-clang | 0.1.3 | 66.27 | NOTE | |||
r-devel-linux-x86_64-fedora-gcc | 0.1.3 | 54.19 | NOTE | |||
r-patched-linux-x86_64 | 0.1.3 | 4.52 | 48.59 | 53.11 | OK | |
r-release-linux-x86_64 | 0.1.3 | 3.58 | 46.26 | 49.84 | OK | |
r-release-macos-arm64 | 0.1.3 | NOTE | ||||
r-release-macos-x86_64 | 0.1.3 | NOTE | ||||
r-release-windows-x86_64 | 0.1.3 | 15.00 | 64.00 | 79.00 | OK | |
r-oldrel-macos-arm64 | 0.1.3 | NOTE | ||||
r-oldrel-macos-x86_64 | 0.1.3 | NOTE | ||||
r-oldrel-windows-ix86+x86_64 | 0.1.3 | 9.00 | 52.00 | 61.00 | OK |
Version: 0.1.3
Check: dependencies in R code
Result: NOTE
Namespaces in Imports field not imported from:
‘methods’ ‘sna’ ‘statnet.common’
All declared Imports should be used.
Flavors: r-devel-linux-x86_64-fedora-clang, r-devel-linux-x86_64-fedora-gcc, r-release-macos-arm64, r-release-macos-x86_64, r-oldrel-macos-arm64, r-oldrel-macos-x86_64
Version: 0.1.3
Check: Rd cross-references
Result: NOTE
Undeclared package ‘margins’ in Rd xrefs
Flavor: r-devel-linux-x86_64-fedora-clang