Last updated on 2022-04-24 03:52:24 CEST.
Flavor | Version | Tinstall | Tcheck | Ttotal | Status | Flags |
---|---|---|---|---|---|---|
r-devel-linux-x86_64-debian-clang | 4.1.2 | 77.24 | 615.54 | 692.78 | OK | |
r-devel-linux-x86_64-debian-gcc | 4.1.2 | 62.03 | 461.26 | 523.29 | OK | |
r-devel-linux-x86_64-fedora-clang | 4.1.2 | 837.22 | NOTE | |||
r-devel-linux-x86_64-fedora-gcc | 4.1.2 | 794.97 | OK | |||
r-patched-linux-x86_64 | 4.1.2 | 85.70 | 578.48 | 664.18 | OK | |
r-release-linux-x86_64 | 4.1.2 | 71.71 | 557.35 | 629.06 | OK | |
r-release-macos-arm64 | 4.1.2 | NOTE | ||||
r-release-macos-x86_64 | 4.1.2 | NOTE | ||||
r-release-windows-x86_64 | 4.1.2 | 192.00 | 135.00 | 327.00 | OK | --no-examples --no-tests --no-vignettes |
r-oldrel-macos-arm64 | 4.1.2 | NOTE | ||||
r-oldrel-macos-x86_64 | 4.1.2 | NOTE | ||||
r-oldrel-windows-ix86+x86_64 | 4.1.2 | 197.00 | 217.00 | 414.00 | NOTE | --no-examples --no-tests --no-vignettes |
Version: 4.1.2
Check: installed package size
Result: NOTE
installed size is 6.4Mb
sub-directories of 1Mb or more:
R 1.1Mb
doc 1.9Mb
libs 2.2Mb
Flavors: r-devel-linux-x86_64-fedora-clang, r-release-macos-arm64, r-release-macos-x86_64, r-oldrel-macos-arm64, r-oldrel-macos-x86_64
Version: 4.1.2
Check: package dependencies
Result: NOTE
Package suggested but not available for checking: ‘Rmpi’
Flavors: r-release-macos-arm64, r-release-macos-x86_64, r-oldrel-macos-arm64, r-oldrel-macos-x86_64
Version: 4.1.2
Flags: --no-examples --no-tests --no-vignettes
Check: installed package size
Result: NOTE
installed size is 5.5Mb
sub-directories of 1Mb or more:
R 1.0Mb
doc 1.9Mb
libs 1.3Mb
Flavor: r-oldrel-windows-ix86+x86_64