Last updated on 2022-04-24 03:52:24 CEST.
Flavor | Version | Tinstall | Tcheck | Ttotal | Status | Flags |
---|---|---|---|---|---|---|
r-devel-linux-x86_64-debian-clang | 0.3-0 | 128.86 | 256.40 | 385.26 | WARN | |
r-devel-linux-x86_64-debian-gcc | 0.3-0 | 99.68 | 185.90 | 285.58 | OK | |
r-devel-linux-x86_64-fedora-clang | 0.3-0 | 486.17 | WARN | |||
r-devel-linux-x86_64-fedora-gcc | 0.3-0 | 448.60 | OK | |||
r-patched-linux-x86_64 | 0.3-0 | 109.23 | 235.29 | 344.52 | OK | |
r-release-linux-x86_64 | 0.3-0 | 104.70 | 232.57 | 337.27 | OK | |
r-release-macos-arm64 | 0.3-0 | NOTE | ||||
r-release-macos-x86_64 | 0.3-0 | NOTE | ||||
r-release-windows-x86_64 | 0.3-0 | 113.00 | 299.00 | 412.00 | OK | |
r-oldrel-macos-arm64 | 0.3-0 | NOTE | ||||
r-oldrel-macos-x86_64 | 0.3-0 | NOTE | ||||
r-oldrel-windows-ix86+x86_64 | 0.3-0 | 258.00 | 431.00 | 689.00 | OK |
Version: 0.3-0
Check: whether package can be installed
Result: WARN
Found the following significant warnings:
induced_submat.cpp:25:11: warning: use of bitwise '|' with boolean operands [-Wbitwise-instead-of-logical]
induced_submat.cpp:27:11: warning: use of bitwise '|' with boolean operands [-Wbitwise-instead-of-logical]
Flavors: r-devel-linux-x86_64-debian-clang, r-devel-linux-x86_64-fedora-clang
Version: 0.3-0
Check: installed package size
Result: NOTE
installed size is 6.5Mb
sub-directories of 1Mb or more:
libs 5.1Mb
Flavors: r-release-macos-arm64, r-release-macos-x86_64, r-oldrel-macos-arm64, r-oldrel-macos-x86_64