Last updated on 2022-04-24 03:52:24 CEST.
Flavor | Version | Tinstall | Tcheck | Ttotal | Status | Flags |
---|---|---|---|---|---|---|
r-devel-linux-x86_64-debian-clang | 2.2.0 | 5.94 | 39.30 | 45.24 | OK | |
r-devel-linux-x86_64-debian-gcc | 2.2.0 | 3.47 | 30.64 | 34.11 | OK | |
r-devel-linux-x86_64-fedora-clang | 2.2.0 | 54.93 | NOTE | |||
r-devel-linux-x86_64-fedora-gcc | 2.2.0 | 43.10 | NOTE | |||
r-patched-linux-x86_64 | 2.2.0 | 4.71 | 38.17 | 42.88 | OK | |
r-release-linux-x86_64 | 2.2.0 | 4.77 | 37.39 | 42.16 | OK | |
r-release-macos-arm64 | 2.2.0 | NOTE | ||||
r-release-macos-x86_64 | 2.2.0 | NOTE | ||||
r-release-windows-x86_64 | 2.2.0 | 19.00 | 55.00 | 74.00 | OK | |
r-oldrel-macos-arm64 | 2.2.0 | NOTE | ||||
r-oldrel-macos-x86_64 | 2.2.0 | NOTE | ||||
r-oldrel-windows-ix86+x86_64 | 2.2.0 | 10.00 | 42.00 | 52.00 | OK |
Version: 2.2.0
Check: dependencies in R code
Result: NOTE
Namespace in Imports field not imported from: ‘R6’
All declared Imports should be used.
Flavors: r-devel-linux-x86_64-fedora-clang, r-devel-linux-x86_64-fedora-gcc, r-release-macos-arm64, r-release-macos-x86_64, r-oldrel-macos-arm64, r-oldrel-macos-x86_64