Last updated on 2022-04-24 03:52:24 CEST.
Flavor | Version | Tinstall | Tcheck | Ttotal | Status | Flags |
---|---|---|---|---|---|---|
r-devel-linux-x86_64-debian-clang | 0.2.1 | 2.03 | 31.98 | 34.01 | NOTE | |
r-devel-linux-x86_64-debian-gcc | 0.2.1 | 1.51 | 24.53 | 26.04 | NOTE | |
r-devel-linux-x86_64-fedora-clang | 0.2.1 | 42.26 | NOTE | |||
r-devel-linux-x86_64-fedora-gcc | 0.2.1 | 30.63 | NOTE | |||
r-patched-linux-x86_64 | 0.2.1 | 1.82 | 30.89 | 32.71 | NOTE | |
r-release-linux-x86_64 | 0.2.1 | 1.67 | 29.01 | 30.68 | NOTE | |
r-release-macos-arm64 | 0.2.1 | NOTE | ||||
r-release-macos-x86_64 | 0.2.1 | NOTE | ||||
r-release-windows-x86_64 | 0.2.1 | 10.00 | 51.00 | 61.00 | NOTE | |
r-oldrel-macos-arm64 | 0.2.1 | NOTE | ||||
r-oldrel-macos-x86_64 | 0.2.1 | NOTE | ||||
r-oldrel-windows-ix86+x86_64 | 0.2.1 | 4.00 | 35.00 | 39.00 | NOTE |
Version: 0.2.1
Check: LazyData
Result: NOTE
'LazyData' is specified without a 'data' directory
Flavors: r-devel-linux-x86_64-debian-clang, r-devel-linux-x86_64-debian-gcc, r-devel-linux-x86_64-fedora-clang, r-devel-linux-x86_64-fedora-gcc, r-patched-linux-x86_64, r-release-linux-x86_64, r-release-macos-arm64, r-release-macos-x86_64, r-release-windows-x86_64, r-oldrel-macos-arm64, r-oldrel-macos-x86_64, r-oldrel-windows-ix86+x86_64
Version: 0.2.1
Check: package vignettes
Result: NOTE
Package vignette with placeholder title 'Vignette Title':
'errorize.Rmd'
Flavors: r-devel-linux-x86_64-debian-clang, r-devel-linux-x86_64-debian-gcc, r-patched-linux-x86_64, r-release-linux-x86_64, r-release-windows-x86_64, r-oldrel-windows-ix86+x86_64