Last updated on 2022-04-24 03:52:24 CEST.
Flavor | Version | Tinstall | Tcheck | Ttotal | Status | Flags |
---|---|---|---|---|---|---|
r-devel-linux-x86_64-debian-clang | 1.0.0 | 5.71 | 75.14 | 80.85 | OK | |
r-devel-linux-x86_64-debian-gcc | 1.0.0 | 5.99 | 56.73 | 62.72 | OK | |
r-devel-linux-x86_64-fedora-clang | 1.0.0 | 102.58 | NOTE | |||
r-devel-linux-x86_64-fedora-gcc | 1.0.0 | 87.74 | NOTE | |||
r-patched-linux-x86_64 | 1.0.0 | 9.15 | 72.11 | 81.26 | OK | |
r-release-linux-x86_64 | 1.0.0 | 6.50 | 70.49 | 76.99 | OK | |
r-release-macos-arm64 | 1.0.0 | NOTE | ||||
r-release-macos-x86_64 | 1.0.0 | NOTE | ||||
r-release-windows-x86_64 | 1.0.0 | 70.00 | 101.00 | 171.00 | OK | |
r-oldrel-macos-arm64 | 1.0.0 | NOTE | ||||
r-oldrel-macos-x86_64 | 1.0.0 | NOTE | ||||
r-oldrel-windows-ix86+x86_64 | 1.0.0 | 18.00 | 82.00 | 100.00 | OK |
Version: 1.0.0
Check: dependencies in R code
Result: NOTE
Namespace in Imports field not imported from: ‘parallel’
All declared Imports should be used.
Flavors: r-devel-linux-x86_64-fedora-clang, r-devel-linux-x86_64-fedora-gcc, r-release-macos-arm64, r-release-macos-x86_64, r-oldrel-macos-arm64, r-oldrel-macos-x86_64