Last updated on 2022-04-24 03:52:24 CEST.
Flavor | Version | Tinstall | Tcheck | Ttotal | Status | Flags |
---|---|---|---|---|---|---|
r-devel-linux-x86_64-debian-clang | 1.2.1 | 3.16 | 38.82 | 41.98 | NOTE | |
r-devel-linux-x86_64-debian-gcc | 1.2.1 | 2.41 | 29.48 | 31.89 | NOTE | |
r-devel-linux-x86_64-fedora-clang | 1.2.1 | 50.59 | NOTE | |||
r-devel-linux-x86_64-fedora-gcc | 1.2.1 | 38.61 | NOTE | |||
r-patched-linux-x86_64 | 1.2.1 | 3.23 | 36.06 | 39.29 | NOTE | |
r-release-linux-x86_64 | 1.2.1 | 3.02 | 35.93 | 38.95 | NOTE | |
r-release-macos-arm64 | 1.2.1 | NOTE | ||||
r-release-macos-x86_64 | 1.2.1 | NOTE | ||||
r-release-windows-x86_64 | 1.2.1 | 12.00 | 55.00 | 67.00 | NOTE | |
r-oldrel-macos-arm64 | 1.2.1 | NOTE | ||||
r-oldrel-macos-x86_64 | 1.2.1 | NOTE | ||||
r-oldrel-windows-ix86+x86_64 | 1.2.1 | 6.00 | 44.00 | 50.00 | NOTE |
Version: 1.2.1
Check: R code for possible problems
Result: NOTE
ESA: no visible binding for global variable 'var'
plot.esabcv: no visible global function definition for 'points'
plot.esabcv: no visible global function definition for 'axis'
plot.esabcv: no visible global function definition for 'title'
Undefined global functions or variables:
axis points title var
Consider adding
importFrom("graphics", "axis", "points", "title")
importFrom("stats", "var")
to your NAMESPACE file.
Flavors: r-devel-linux-x86_64-debian-clang, r-devel-linux-x86_64-debian-gcc, r-devel-linux-x86_64-fedora-clang, r-devel-linux-x86_64-fedora-gcc, r-patched-linux-x86_64, r-release-linux-x86_64, r-release-macos-arm64, r-release-macos-x86_64, r-release-windows-x86_64, r-oldrel-macos-arm64, r-oldrel-macos-x86_64, r-oldrel-windows-ix86+x86_64