Last updated on 2022-04-24 03:52:24 CEST.
Flavor | Version | Tinstall | Tcheck | Ttotal | Status | Flags |
---|---|---|---|---|---|---|
r-devel-linux-x86_64-debian-clang | 0.1.4 | 24.47 | 660.29 | 684.76 | NOTE | |
r-devel-linux-x86_64-debian-gcc | 0.1.4 | 18.89 | 466.63 | 485.52 | NOTE | |
r-devel-linux-x86_64-fedora-clang | 0.1.4 | 804.47 | NOTE | |||
r-devel-linux-x86_64-fedora-gcc | 0.1.4 | 759.46 | NOTE | |||
r-patched-linux-x86_64 | 0.1.4 | 26.66 | 594.93 | 621.59 | NOTE | |
r-release-linux-x86_64 | 0.1.4 | 14.90 | 647.93 | 662.83 | NOTE | |
r-release-macos-arm64 | 0.1.4 | NOTE | ||||
r-release-macos-x86_64 | 0.1.4 | WARN | ||||
r-release-windows-x86_64 | 0.1.4 | 157.00 | 724.00 | 881.00 | NOTE | |
r-oldrel-macos-arm64 | 0.1.4 | NOTE | ||||
r-oldrel-macos-x86_64 | 0.1.4 | WARN | ||||
r-oldrel-windows-ix86+x86_64 | 0.1.4 | 50.00 | 790.00 | 840.00 | NOTE |
Version: 0.1.4
Check: LazyData
Result: NOTE
'LazyData' is specified without a 'data' directory
Flavors: r-devel-linux-x86_64-debian-clang, r-devel-linux-x86_64-debian-gcc, r-devel-linux-x86_64-fedora-clang, r-devel-linux-x86_64-fedora-gcc, r-patched-linux-x86_64, r-release-linux-x86_64, r-release-macos-arm64, r-release-macos-x86_64, r-release-windows-x86_64, r-oldrel-macos-arm64, r-oldrel-macos-x86_64, r-oldrel-windows-ix86+x86_64
Version: 0.1.4
Check: installed package size
Result: NOTE
installed size is 13.6Mb
sub-directories of 1Mb or more:
doc 13.1Mb
Flavors: r-devel-linux-x86_64-fedora-clang, r-release-macos-arm64, r-release-macos-x86_64, r-release-windows-x86_64, r-oldrel-macos-arm64, r-oldrel-macos-x86_64, r-oldrel-windows-ix86+x86_64
Version: 0.1.4
Check: re-building of vignette outputs
Result: WARN
Error(s) in re-building vignettes:
--- re-building ‘A100-DoseSelectors.Rmd’ using rmarkdown
Warning in engine$weave(file, quiet = quiet, encoding = enc) :
Pandoc (>= 1.12.3) not available. Falling back to R Markdown v1.
--- finished re-building ‘A100-DoseSelectors.Rmd’
--- re-building ‘A205-CRM.Rmd’ using rmarkdown
Warning in engine$weave(file, quiet = quiet, encoding = enc) :
Pandoc (>= 1.12.3) not available. Falling back to R Markdown v1.
Loading required package: magrittr
Attaching package: 'dplyr'
The following objects are masked from 'package:stats':
filter, lag
The following objects are masked from 'package:base':
intersect, setdiff, setequal, union
PhantomJS not found. You can install it with webshot::install_phantomjs(). If it is installed, please make sure the phantomjs executable can be found via the PATH variable.
PhantomJS not found. You can install it with webshot::install_phantomjs(). If it is installed, please make sure the phantomjs executable can be found via the PATH variable.
Quitting from lines 326-334 (A205-CRM.Rmd)
Error: processing vignette 'A205-CRM.Rmd' failed with diagnostics:
invalid 'path' argument
--- failed re-building ‘A205-CRM.Rmd’
--- re-building ‘A207-NBG.Rmd’ using rmarkdown
Warning in engine$weave(file, quiet = quiet, encoding = enc) :
Pandoc (>= 1.12.3) not available. Falling back to R Markdown v1.
PhantomJS not found. You can install it with webshot::install_phantomjs(). If it is installed, please make sure the phantomjs executable can be found via the PATH variable.
PhantomJS not found. You can install it with webshot::install_phantomjs(). If it is installed, please make sure the phantomjs executable can be found via the PATH variable.
Quitting from lines 100-102 (A207-NBG.Rmd)
Error: processing vignette 'A207-NBG.Rmd' failed with diagnostics:
invalid 'path' argument
--- failed re-building ‘A207-NBG.Rmd’
--- re-building ‘A210-TPI.Rmd’ using rmarkdown
Warning in engine$weave(file, quiet = quiet, encoding = enc) :
Pandoc (>= 1.12.3) not available. Falling back to R Markdown v1.
Loading required package: magrittr
Attaching package: 'dplyr'
The following objects are masked from 'package:stats':
filter, lag
The following objects are masked from 'package:base':
intersect, setdiff, setequal, union
Quitting from lines 155-156 (A210-TPI.Rmd)
Error: processing vignette 'A210-TPI.Rmd' failed with diagnostics:
invalid 'path' argument
--- failed re-building ‘A210-TPI.Rmd’
--- re-building ‘A220-mTPI.Rmd’ using rmarkdown
Warning in engine$weave(file, quiet = quiet, encoding = enc) :
Pandoc (>= 1.12.3) not available. Falling back to R Markdown v1.
Loading required package: magrittr
Attaching package: 'dplyr'
The following objects are masked from 'package:stats':
filter, lag
The following objects are masked from 'package:base':
intersect, setdiff, setequal, union
Quitting from lines 165-168 (A220-mTPI.Rmd)
Error: processing vignette 'A220-mTPI.Rmd' failed with diagnostics:
invalid 'path' argument
--- failed re-building ‘A220-mTPI.Rmd’
--- re-building ‘A230-BOIN.Rmd’ using rmarkdown
Warning in engine$weave(file, quiet = quiet, encoding = enc) :
Pandoc (>= 1.12.3) not available. Falling back to R Markdown v1.
Loading required package: magrittr
Quitting from lines 121-125 (A230-BOIN.Rmd)
Error: processing vignette 'A230-BOIN.Rmd' failed with diagnostics:
invalid 'path' argument
--- failed re-building ‘A230-BOIN.Rmd’
--- re-building ‘A600-DosePaths.Rmd’ using rmarkdown
Warning in engine$weave(file, quiet = quiet, encoding = enc) :
Pandoc (>= 1.12.3) not available. Falling back to R Markdown v1.
--- finished re-building ‘A600-DosePaths.Rmd’
--- re-building ‘A700-Simulation.Rmd’ using rmarkdown
Warning in engine$weave(file, quiet = quiet, encoding = enc) :
Pandoc (>= 1.12.3) not available. Falling back to R Markdown v1.
Loading required package: magrittr
Attaching package: 'dplyr'
The following objects are masked from 'package:stats':
filter, lag
The following objects are masked from 'package:base':
intersect, setdiff, setequal, union
--- finished re-building ‘A700-Simulation.Rmd’
SUMMARY: processing the following files failed:
‘A205-CRM.Rmd’ ‘A207-NBG.Rmd’ ‘A210-TPI.Rmd’ ‘A220-mTPI.Rmd’
‘A230-BOIN.Rmd’
Error: Vignette re-building failed.
Execution halted
Flavors: r-release-macos-x86_64, r-oldrel-macos-x86_64