Last updated on 2022-04-24 03:52:24 CEST.
Flavor | Version | Tinstall | Tcheck | Ttotal | Status | Flags |
---|---|---|---|---|---|---|
r-devel-linux-x86_64-debian-clang | 0.1.2 | 9.37 | 81.91 | 91.28 | NOTE | |
r-devel-linux-x86_64-debian-gcc | 0.1.2 | 6.45 | 60.94 | 67.39 | NOTE | |
r-devel-linux-x86_64-fedora-clang | 0.1.2 | 104.54 | NOTE | |||
r-devel-linux-x86_64-fedora-gcc | 0.1.2 | 93.70 | NOTE | |||
r-patched-linux-x86_64 | 0.1.2 | 8.45 | 77.38 | 85.83 | NOTE | |
r-release-linux-x86_64 | 0.1.2 | 7.33 | 71.52 | 78.85 | NOTE | |
r-release-macos-arm64 | 0.1.2 | NOTE | ||||
r-release-macos-x86_64 | 0.1.2 | NOTE | ||||
r-release-windows-x86_64 | 0.1.2 | 13.00 | 98.00 | 111.00 | NOTE | |
r-oldrel-macos-arm64 | 0.1.2 | NOTE | ||||
r-oldrel-macos-x86_64 | 0.1.2 | NOTE | ||||
r-oldrel-windows-ix86+x86_64 | 0.1.2 | 17.00 | 79.00 | 96.00 | NOTE |
Version: 0.1.2
Check: LazyData
Result: NOTE
'LazyData' is specified without a 'data' directory
Flavors: r-devel-linux-x86_64-debian-clang, r-devel-linux-x86_64-debian-gcc, r-devel-linux-x86_64-fedora-clang, r-devel-linux-x86_64-fedora-gcc, r-patched-linux-x86_64, r-release-linux-x86_64, r-release-macos-arm64, r-release-macos-x86_64, r-release-windows-x86_64, r-oldrel-macos-arm64, r-oldrel-macos-x86_64, r-oldrel-windows-ix86+x86_64