Last updated on 2022-04-24 03:52:24 CEST.
Flavor | Version | Tinstall | Tcheck | Ttotal | Status | Flags |
---|---|---|---|---|---|---|
r-devel-linux-x86_64-debian-clang | 0.0.3 | 29.81 | 294.02 | 323.83 | NOTE | |
r-devel-linux-x86_64-debian-gcc | 0.0.3 | 24.56 | 213.56 | 238.12 | NOTE | |
r-devel-linux-x86_64-fedora-clang | 0.0.3 | 370.81 | NOTE | |||
r-devel-linux-x86_64-fedora-gcc | 0.0.3 | 355.28 | NOTE | |||
r-patched-linux-x86_64 | 0.0.3 | 27.50 | 278.46 | 305.96 | NOTE | |
r-release-linux-x86_64 | 0.0.3 | 25.55 | 254.12 | 279.67 | NOTE | |
r-release-macos-arm64 | 0.0.3 | NOTE | ||||
r-release-macos-x86_64 | 0.0.3 | NOTE | ||||
r-release-windows-x86_64 | 0.0.3 | 26.00 | 274.00 | 300.00 | NOTE | |
r-oldrel-macos-arm64 | 0.0.3 | NOTE | ||||
r-oldrel-macos-x86_64 | 0.0.3 | NOTE | ||||
r-oldrel-windows-ix86+x86_64 | 0.0.3 | 63.00 | 258.00 | 321.00 | NOTE |
Version: 0.0.3
Check: LazyData
Result: NOTE
'LazyData' is specified without a 'data' directory
Flavors: r-devel-linux-x86_64-debian-clang, r-devel-linux-x86_64-debian-gcc, r-devel-linux-x86_64-fedora-clang, r-devel-linux-x86_64-fedora-gcc, r-patched-linux-x86_64, r-release-linux-x86_64, r-release-macos-arm64, r-release-macos-x86_64, r-release-windows-x86_64, r-oldrel-macos-arm64, r-oldrel-macos-x86_64, r-oldrel-windows-ix86+x86_64