Last updated on 2022-04-24 03:52:24 CEST.
Flavor | Version | Tinstall | Tcheck | Ttotal | Status | Flags |
---|---|---|---|---|---|---|
r-devel-linux-x86_64-debian-clang | 1.1.0 | 15.64 | 121.36 | 137.00 | OK | |
r-devel-linux-x86_64-debian-gcc | 1.1.0 | 11.09 | 88.09 | 99.18 | OK | |
r-devel-linux-x86_64-fedora-clang | 1.1.0 | 167.79 | OK | |||
r-devel-linux-x86_64-fedora-gcc | 1.1.0 | 141.09 | OK | |||
r-patched-linux-x86_64 | 1.1.0 | 8.54 | 112.82 | 121.36 | OK | |
r-release-linux-x86_64 | 1.1.0 | 8.14 | 109.39 | 117.53 | OK | |
r-release-macos-arm64 | 1.1.0 | OK | ||||
r-release-macos-x86_64 | 1.1.0 | WARN | --as-cran | |||
r-release-windows-x86_64 | 1.1.0 | 95.00 | 146.00 | 241.00 | OK | |
r-oldrel-macos-arm64 | 1.1.0 | OK | ||||
r-oldrel-macos-x86_64 | 1.1.0 | WARN | --as-cran | |||
r-oldrel-windows-ix86+x86_64 | 1.1.0 | 30.00 | 123.00 | 153.00 | OK |
Version: 1.1.0
Flags: --as-cran
Check: CRAN incoming feasibility
Result: WARN
Maintainer: ‘Victor Perrier <victor.perrier@dreamrs.fr>’
Insufficient package version (submitted: 1.1.0, existing: 1.1.0)
Days since last update: 1
Flavors: r-release-macos-x86_64, r-oldrel-macos-x86_64
Version: 1.1.0
Flags: --as-cran
Check: top-level files
Result: NOTE
Files ‘README.md’ or ‘NEWS.md’ cannot be checked without ‘pandoc’ being installed.
Flavors: r-release-macos-x86_64, r-oldrel-macos-x86_64