Last updated on 2022-04-24 03:52:24 CEST.
Flavor | Version | Tinstall | Tcheck | Ttotal | Status | Flags |
---|---|---|---|---|---|---|
r-devel-linux-x86_64-debian-clang | 1.2.2 | 33.82 | 121.74 | 155.56 | NOTE | |
r-devel-linux-x86_64-debian-gcc | 1.2.2 | 26.37 | 82.01 | 108.38 | NOTE | |
r-devel-linux-x86_64-fedora-clang | 1.2.2 | 195.52 | NOTE | |||
r-devel-linux-x86_64-fedora-gcc | 1.2.2 | 178.40 | NOTE | |||
r-patched-linux-x86_64 | 1.2.2 | 28.08 | 116.33 | 144.41 | NOTE | |
r-release-linux-x86_64 | 1.2.2 | 25.55 | 117.58 | 143.13 | NOTE | |
r-release-macos-arm64 | 1.2.2 | NOTE | ||||
r-release-macos-x86_64 | 1.2.2 | NOTE | ||||
r-release-windows-x86_64 | 1.2.2 | 41.00 | 207.00 | 248.00 | NOTE | |
r-oldrel-macos-arm64 | 1.2.2 | NOTE | ||||
r-oldrel-macos-x86_64 | 1.2.2 | NOTE | ||||
r-oldrel-windows-ix86+x86_64 | 1.2.2 | 80.00 | 351.00 | 431.00 | NOTE |
Version: 1.2.2
Check: LazyData
Result: NOTE
'LazyData' is specified without a 'data' directory
Flavors: r-devel-linux-x86_64-debian-clang, r-devel-linux-x86_64-debian-gcc, r-devel-linux-x86_64-fedora-clang, r-devel-linux-x86_64-fedora-gcc, r-patched-linux-x86_64, r-release-linux-x86_64, r-release-macos-arm64, r-release-macos-x86_64, r-release-windows-x86_64, r-oldrel-macos-arm64, r-oldrel-macos-x86_64, r-oldrel-windows-ix86+x86_64