Last updated on 2022-04-24 03:52:24 CEST.
Flavor | Version | Tinstall | Tcheck | Ttotal | Status | Flags |
---|---|---|---|---|---|---|
r-devel-linux-x86_64-debian-clang | 1.3 | 1.81 | 31.68 | 33.49 | NOTE | |
r-devel-linux-x86_64-debian-gcc | 1.3 | 1.40 | 25.19 | 26.59 | NOTE | |
r-devel-linux-x86_64-fedora-clang | 1.3 | 41.79 | NOTE | |||
r-devel-linux-x86_64-fedora-gcc | 1.3 | 30.13 | NOTE | |||
r-patched-linux-x86_64 | 1.3 | 2.01 | 31.25 | 33.26 | NOTE | |
r-release-linux-x86_64 | 1.3 | 1.82 | 30.99 | 32.81 | NOTE | |
r-release-macos-arm64 | 1.3 | NOTE | ||||
r-release-macos-x86_64 | 1.3 | NOTE | ||||
r-release-windows-x86_64 | 1.3 | 20.00 | 53.00 | 73.00 | NOTE | |
r-oldrel-macos-arm64 | 1.3 | NOTE | ||||
r-oldrel-macos-x86_64 | 1.3 | NOTE | ||||
r-oldrel-windows-ix86+x86_64 | 1.3 | 6.00 | 28.00 | 34.00 | NOTE |
Version: 1.3
Check: LazyData
Result: NOTE
'LazyData' is specified without a 'data' directory
Flavors: r-devel-linux-x86_64-debian-clang, r-devel-linux-x86_64-debian-gcc, r-devel-linux-x86_64-fedora-clang, r-devel-linux-x86_64-fedora-gcc, r-patched-linux-x86_64, r-release-linux-x86_64, r-release-macos-arm64, r-release-macos-x86_64, r-release-windows-x86_64, r-oldrel-macos-arm64, r-oldrel-macos-x86_64, r-oldrel-windows-ix86+x86_64