Last updated on 2022-04-24 03:52:24 CEST.
Flavor | Version | Tinstall | Tcheck | Ttotal | Status | Flags |
---|---|---|---|---|---|---|
r-devel-linux-x86_64-debian-clang | 0.30.6 | 92.79 | 157.27 | 250.06 | OK | |
r-devel-linux-x86_64-debian-gcc | 0.30.6 | 77.15 | 119.61 | 196.76 | OK | |
r-devel-linux-x86_64-fedora-clang | 0.30.6 | 345.73 | NOTE | |||
r-devel-linux-x86_64-fedora-gcc | 0.30.6 | 321.17 | OK | |||
r-patched-linux-x86_64 | 0.30.6 | 89.79 | 154.94 | 244.73 | OK | |
r-release-linux-x86_64 | 0.30.6 | 83.26 | 143.26 | 226.52 | OK | |
r-release-macos-arm64 | 0.30.6 | NOTE | ||||
r-release-macos-x86_64 | 0.30.6 | NOTE | ||||
r-release-windows-x86_64 | 0.30.6 | 89.00 | 194.00 | 283.00 | OK | |
r-oldrel-macos-arm64 | 0.30.6 | NOTE | ||||
r-oldrel-macos-x86_64 | 0.30.6 | NOTE | ||||
r-oldrel-windows-ix86+x86_64 | 0.30.6 | 203.00 | 240.00 | 443.00 | OK |
Version: 0.30.6
Check: installed package size
Result: NOTE
installed size is 23.4Mb
sub-directories of 1Mb or more:
libs 23.0Mb
Flavors: r-devel-linux-x86_64-fedora-clang, r-release-macos-arm64, r-release-macos-x86_64, r-oldrel-macos-arm64, r-oldrel-macos-x86_64