Last updated on 2022-04-24 03:52:24 CEST.
Flavor | Version | Tinstall | Tcheck | Ttotal | Status | Flags |
---|---|---|---|---|---|---|
r-devel-linux-x86_64-debian-clang | 1.0.0 | 5.62 | 58.93 | 64.55 | NOTE | |
r-devel-linux-x86_64-debian-gcc | 1.0.0 | 4.10 | 43.41 | 47.51 | NOTE | |
r-devel-linux-x86_64-fedora-clang | 1.0.0 | 76.72 | NOTE | |||
r-devel-linux-x86_64-fedora-gcc | 1.0.0 | 61.97 | NOTE | |||
r-patched-linux-x86_64 | 1.0.0 | 5.40 | 53.42 | 58.82 | NOTE | |
r-release-linux-x86_64 | 1.0.0 | 4.23 | 50.88 | 55.11 | NOTE | |
r-release-macos-arm64 | 1.0.0 | NOTE | ||||
r-release-macos-x86_64 | 1.0.0 | NOTE | ||||
r-release-windows-x86_64 | 1.0.0 | 12.00 | 68.00 | 80.00 | NOTE | |
r-oldrel-macos-arm64 | 1.0.0 | NOTE | ||||
r-oldrel-macos-x86_64 | 1.0.0 | NOTE | ||||
r-oldrel-windows-ix86+x86_64 | 1.0.0 | 14.00 | 58.00 | 72.00 | NOTE |
Version: 1.0.0
Check: LazyData
Result: NOTE
'LazyData' is specified without a 'data' directory
Flavors: r-devel-linux-x86_64-debian-clang, r-devel-linux-x86_64-debian-gcc, r-devel-linux-x86_64-fedora-clang, r-devel-linux-x86_64-fedora-gcc, r-patched-linux-x86_64, r-release-linux-x86_64, r-release-macos-arm64, r-release-macos-x86_64, r-release-windows-x86_64, r-oldrel-macos-arm64, r-oldrel-macos-x86_64, r-oldrel-windows-ix86+x86_64