Last updated on 2022-04-24 03:52:24 CEST.
Flavor | Version | Tinstall | Tcheck | Ttotal | Status | Flags |
---|---|---|---|---|---|---|
r-devel-linux-x86_64-debian-clang | 6.1.1 | 80.09 | 85.91 | 166.00 | OK | |
r-devel-linux-x86_64-debian-gcc | 6.1.1 | 57.87 | 63.71 | 121.58 | OK | |
r-devel-linux-x86_64-fedora-clang | 6.1.1 | 212.70 | OK | |||
r-devel-linux-x86_64-fedora-gcc | 6.1.1 | 181.80 | OK | |||
r-patched-linux-x86_64 | 6.1.1 | 66.31 | 81.26 | 147.57 | OK | |
r-release-linux-x86_64 | 6.1.1 | 62.35 | 81.83 | 144.18 | OK | |
r-release-macos-arm64 | 6.1.1 | NOTE | ||||
r-release-macos-x86_64 | 6.1.1 | NOTE | ||||
r-release-windows-x86_64 | 6.1.1 | 84.00 | 135.00 | 219.00 | OK | |
r-oldrel-macos-arm64 | 6.1.1 | NOTE | ||||
r-oldrel-macos-x86_64 | 6.1.1 | NOTE | ||||
r-oldrel-windows-ix86+x86_64 | 6.1.1 | 169.00 | 133.00 | 302.00 | OK |
Version: 6.1.1
Check: installed package size
Result: NOTE
installed size is 5.7Mb
sub-directories of 1Mb or more:
doc 1.1Mb
libs 3.7Mb
Flavors: r-release-macos-arm64, r-release-macos-x86_64, r-oldrel-macos-arm64, r-oldrel-macos-x86_64