Last updated on 2022-04-24 03:52:24 CEST.
Flavor | Version | Tinstall | Tcheck | Ttotal | Status | Flags |
---|---|---|---|---|---|---|
r-devel-linux-x86_64-debian-clang | 3.7.10 | 10.86 | 108.84 | 119.70 | OK | |
r-devel-linux-x86_64-debian-gcc | 3.7.10 | 8.22 | 82.89 | 91.11 | OK | |
r-devel-linux-x86_64-fedora-clang | 3.7.10 | 147.92 | NOTE | |||
r-devel-linux-x86_64-fedora-gcc | 3.7.10 | 128.58 | NOTE | |||
r-patched-linux-x86_64 | 3.7.10 | 10.98 | 103.95 | 114.93 | OK | |
r-release-linux-x86_64 | 3.7.10 | 9.67 | 99.45 | 109.12 | OK | |
r-release-macos-arm64 | 3.7.10 | NOTE | ||||
r-release-macos-x86_64 | 3.7.10 | NOTE | ||||
r-release-windows-x86_64 | 3.7.10 | 33.00 | 146.00 | 179.00 | OK | |
r-oldrel-macos-arm64 | 3.7.10 | NOTE | ||||
r-oldrel-macos-x86_64 | 3.7.10 | NOTE | ||||
r-oldrel-windows-ix86+x86_64 | 3.7.10 | 24.00 | 129.00 | 153.00 | OK |
Version: 3.7.10
Check: data for non-ASCII characters
Result: NOTE
Note: found 595 marked UTF-8 strings
Flavors: r-devel-linux-x86_64-fedora-clang, r-devel-linux-x86_64-fedora-gcc, r-release-macos-arm64, r-release-macos-x86_64, r-oldrel-macos-arm64, r-oldrel-macos-x86_64